{"id":86,"date":"2025-06-26T21:03:50","date_gmt":"2025-06-26T21:03:50","guid":{"rendered":"https:\/\/gr.intertel.club\/nduvernois\/?page_id=86"},"modified":"2025-10-16T20:06:26","modified_gmt":"2025-10-16T20:06:26","slug":"economies-denergie-a-la-maison-le-possede-du-rendement","status":"publish","type":"page","link":"https:\/\/gr.intertel.club\/nduvernois\/economies-denergie-a-la-maison-le-possede-du-rendement\/","title":{"rendered":"Le poss\u00e9d\u00e9 du rendement"},"content":{"rendered":"\n<figure class=\"wp-block-image size-large\"><img loading=\"lazy\" decoding=\"async\" width=\"1024\" height=\"683\" src=\"https:\/\/gr.intertel.club\/nduvernois\/wp-content\/uploads\/sites\/2\/2025\/06\/250622-obsede-TRI-v2-1024x683.jpg\" alt=\"\" class=\"wp-image-87\" srcset=\"https:\/\/gr.intertel.club\/nduvernois\/wp-content\/uploads\/sites\/2\/2025\/06\/250622-obsede-TRI-v2-1024x683.jpg 1024w, https:\/\/gr.intertel.club\/nduvernois\/wp-content\/uploads\/sites\/2\/2025\/06\/250622-obsede-TRI-v2-300x200.jpg 300w, https:\/\/gr.intertel.club\/nduvernois\/wp-content\/uploads\/sites\/2\/2025\/06\/250622-obsede-TRI-v2-768x512.jpg 768w, https:\/\/gr.intertel.club\/nduvernois\/wp-content\/uploads\/sites\/2\/2025\/06\/250622-obsede-TRI-v2.jpg 1536w\" sizes=\"auto, (max-width: 1024px) 100vw, 1024px\" \/><\/figure>\n\n\n\n<p>Avertissement&nbsp;: je ne suis ni banquier, ni conseiller financier, ni conseiller en gestion de patrimoine. Ce qui suit ne constitue en aucun cas un conseil en placement. N\u2019en d\u00e9duisez surtout pas des choses baroques, comme par exemple que ce pourrait \u00eatre une bonne id\u00e9e que d\u2019emprunter pour investir en bourse.<\/p>\n\n\n\n<p>\u00ab&nbsp;<em>Oui, mais tu te rends pas compte, 10 ans pour retrouver sa mise, c\u2019est trop long, c\u2019est pas rentable<\/em>&nbsp;\u00bb.<\/p>\n\n\n\n<p>C\u2019est cela, oui\u2026<\/p>\n\n\n\n<p>Regardons d\u2019un peu plus pr\u00e8s. Il y a 1000 et 1 mani\u00e8res de trouver un indicateur de rendement pour comparer des placements. Ici, je vais utiliser le T.R.I. ou Taux de Rendement Interne. Le principe est de consid\u00e9rer qu\u2019un investissement est fait en empruntant de l\u2019argent, de regarder les flux d\u2019argent sur la dur\u00e9e de ce placement, de moduler ces flux par un taux d\u2019int\u00e9r\u00eat (le vrai terme est \u00ab&nbsp;d\u00e9pr\u00e9cier&nbsp;\u00bb) et de d\u00e9terminer le taux d\u2019int\u00e9r\u00eat qui permet d\u2019annuler la somme de ces flux. Plus le placement est rentable, plus il est permet d\u2019absorber un un taux d\u2019int\u00e9r\u00eat \u00e9lev\u00e9. Si \u00e0 la fin du placement, il y a revente, alors la revente est int\u00e9gr\u00e9e aux flux, mais l\u2019accumulation des taux fait que cela repr\u00e9sente finalement assez peu.<\/p>\n\n\n\n<p>Supposons que vous achetez 1000 EUR d\u2019\u00e9quipement, que cet \u00e9quipement ait une dur\u00e9e de vie de 20 ans, et que cela vous permette d\u2019\u00e9conomiser 100 EUR par an. Mouais, retour sur investissement en 10 ans, pas terrible. Mais le T.R.I est de 8,92&nbsp;%, en supposant qu\u2019au bout de 20 ans, l\u2019\u00e9quipement soit irr\u00e9cup\u00e9rable.<\/p>\n\n\n\n<p>Comparons cela aux placements pr\u00e9f\u00e9r\u00e9s des Fran\u00e7ais en 2024.<\/p>\n\n\n\n<figure class=\"wp-block-image size-full has-custom-border\"><img loading=\"lazy\" decoding=\"async\" width=\"1024\" height=\"653\" src=\"https:\/\/gr.intertel.club\/nduvernois\/wp-content\/uploads\/sites\/2\/2025\/06\/image-1.png\" alt=\"\" class=\"wp-image-92\" style=\"border-width:1px\" srcset=\"https:\/\/gr.intertel.club\/nduvernois\/wp-content\/uploads\/sites\/2\/2025\/06\/image-1.png 1024w, https:\/\/gr.intertel.club\/nduvernois\/wp-content\/uploads\/sites\/2\/2025\/06\/image-1-300x191.png 300w, https:\/\/gr.intertel.club\/nduvernois\/wp-content\/uploads\/sites\/2\/2025\/06\/image-1-768x490.png 768w\" sizes=\"auto, (max-width: 1024px) 100vw, 1024px\" \/><\/figure>\n\n\n\n<p>Voil\u00e0, voil\u00e0&nbsp;: 47 + 7 + 3 +3 = 60&nbsp;% des placements sont faits sur des supports qui rapportent au mieux 3&nbsp;% par an.<\/p>\n\n\n\n<p><em>Et c\u2019est quoi le T.R.I. d\u2019un placement de 1000 EUR sur un livret A pendant 20 ans, sachant que je r\u00e9cup\u00e8re mes 1000 EUR au bout&nbsp;?<\/em><\/p>\n\n\n\n<p>Avec le taux actuel de 2,4&nbsp;%\/an, cela permet d\u2019obtenir un T.R.I. mirifique de 2,53&nbsp;%. Si.<\/p>\n\n\n\n<p>Ne cherchez pas trop longtemps, un T.R.I. de l\u2019ordre de 9&nbsp;%, cela ne se trouve gu\u00e8re que sur du placement boursier.<\/p>\n\n\n\n<p><em>Oui, OK, mais un placement qui rapporte bien, c\u2019est aussi un placement risqu\u00e9. Quels sont les risques dans ce cas&nbsp;?<\/em><\/p>\n\n\n\n<p>Placer de l\u2019argent, c\u2019est placer de l\u2019argent dans une enveloppe et esp\u00e9rer qu\u2019un certain temps plus tard, il sera possible d\u2019en retirer plus. Comme il n\u2019y a pas de magie, vous esp\u00e9rez donc que des choses concr\u00e8tes se passent. Commen\u00e7ons par des placements financiers classiques&nbsp;:<\/p>\n\n\n\n<p>Emprunt ou obligation (d\u2019\u00e9tat ou d\u2019entreprise)&nbsp;: vous esp\u00e9rez que l\u2019emprunteur pourra vous payer les int\u00e9r\u00eats au fur et \u00e0 mesure, et rembourser \u00e0 la fin (et donc qu\u2019il ne sera pas en cessation de paiement)<\/p>\n\n\n\n<p>Action&nbsp;: vous esp\u00e9rez que l\u2019entreprise avec tous ses employ\u00e9s va bien travailler et d\u00e9velopper son activit\u00e9 et\/ou sa rentabilit\u00e9, et in fine verser des dividendes et\/ou que le cours en bourse va augmenter<\/p>\n\n\n\n<p>Or&nbsp;: vous esp\u00e9rez qu\u2019un caillou jaune et brillant, sous une forme ou une autre, va trouver d\u2019autres acqu\u00e9reurs pr\u00eats \u00e0 mettre plus d\u2019argent que vous pour l\u2019acheter. Ce caillou a des propri\u00e9t\u00e9s int\u00e9ressantes en laminage et tr\u00e9filage, est inoxydable, mais je crains que cela n\u2019ait peu de lien avec son prix.<\/p>\n\n\n\n<p>Regardons maintenant quelques exemples de travaux d\u2019efficacit\u00e9 \u00e9nerg\u00e9tique&nbsp;:<\/p>\n\n\n\n<p>Isolation (ou changement de fen\u00eatres)&nbsp;: vous esp\u00e9rez qu\u2019en hiver les temp\u00e9ratures ne vont pas trop augmenter (pour \u00e9conomiser sur les frais de chauffage) et qu\u2019en \u00e9t\u00e9 les temp\u00e9ratures ne vont pas trop diminuer (pour gagner sur le confort estival, voire sur la consommation de la clim), et aussi qu\u2019un bestiole farceuse ne va pas faire un festin dans l\u2019isolation pos\u00e9e dans les r\u00e8gles de l\u2019art. Pour finir, vous esp\u00e9rez que le co\u00fbt de l\u2019\u00e9nergie ne va pas trop baisser.<\/p>\n\n\n\n<p>Changement de chaudi\u00e8re ou pompe \u00e0 chaleur ou un \u00e9quipement qui permette de programmer votre chauffage&nbsp;: vous esp\u00e9rez qu\u2019en hiver les temp\u00e9ratures ne vont pas trop augmenter, que votre nouvel \u00e9quipement sera fiable et que le co\u00fbt de l\u2019\u00e9nergie ne va pas trop baisser.<\/p>\n\n\n\n<p>Cela n\u2019engage que moi, mais je trouve que les risques des travaux d\u2019\u00e9conomie d\u2019\u00e9nergie sont sensiblement moins risqu\u00e9s que de nombreux placements financiers pour des rendements \u2026 largement pr\u00e9sentables.<\/p>\n\n\n\n<p>Sinon, le titre est emprunt\u00e9 \u00e0 l\u2019inoubliable Raymond Devos\u00a0:<\/p>\n\n\n\n<figure class=\"wp-block-embed is-type-video is-provider-youtube wp-block-embed-youtube wp-embed-aspect-4-3 wp-has-aspect-ratio\"><div class=\"wp-block-embed__wrapper\">\n<iframe loading=\"lazy\" title=\"Raymond Devos \u2013 Le poss\u00e9d\u00e9 du percepteur (Live officiel au th\u00e9\u00e2tre Antoine 1978)\" width=\"500\" height=\"375\" src=\"https:\/\/www.youtube.com\/embed\/PPcHRPpXegs?feature=oembed\" frameborder=\"0\" allow=\"accelerometer; autoplay; clipboard-write; encrypted-media; gyroscope; picture-in-picture; web-share\" referrerpolicy=\"strict-origin-when-cross-origin\" allowfullscreen><\/iframe>\n<\/div><\/figure>\n\n\n\n<p><\/p>\n","protected":false},"excerpt":{"rendered":"<p>Avertissement&nbsp;: je ne suis ni banquier, ni conseiller financier, ni conseiller en gestion de patrimoine. Ce qui suit ne constitue en aucun cas un conseil en placement. N\u2019en d\u00e9duisez surtout pas des choses baroques, comme par exemple que ce pourrait \u00eatre une bonne id\u00e9e que d\u2019emprunter pour investir en bourse. \u00ab&nbsp;Oui, mais tu te rends [&hellip;]<\/p>\n","protected":false},"author":2,"featured_media":0,"parent":0,"menu_order":0,"comment_status":"closed","ping_status":"closed","template":"","meta":{"footnotes":""},"class_list":["post-86","page","type-page","status-publish","hentry"],"yoast_head":"<!-- This site is optimized with the Yoast SEO plugin v25.8 - https:\/\/yoast.com\/wordpress\/plugins\/seo\/ -->\n<title>Le poss\u00e9d\u00e9 du rendement - Nicolas Duvernois personal web site<\/title>\n<meta name=\"robots\" content=\"index, follow, max-snippet:-1, max-image-preview:large, max-video-preview:-1\" \/>\n<link rel=\"canonical\" href=\"https:\/\/gr.intertel.club\/nduvernois\/economies-denergie-a-la-maison-le-possede-du-rendement\/\" \/>\n<meta property=\"og:locale\" content=\"fr_FR\" \/>\n<meta property=\"og:type\" content=\"article\" \/>\n<meta property=\"og:title\" content=\"Le poss\u00e9d\u00e9 du rendement - Nicolas Duvernois personal web site\" \/>\n<meta property=\"og:description\" content=\"Avertissement&nbsp;: je ne suis ni banquier, ni conseiller financier, ni conseiller en gestion de patrimoine. Ce qui suit ne constitue en aucun cas un conseil en placement. N\u2019en d\u00e9duisez surtout pas des choses baroques, comme par exemple que ce pourrait \u00eatre une bonne id\u00e9e que d\u2019emprunter pour investir en bourse. \u00ab&nbsp;Oui, mais tu te rends [&hellip;]\" \/>\n<meta property=\"og:url\" content=\"https:\/\/gr.intertel.club\/nduvernois\/economies-denergie-a-la-maison-le-possede-du-rendement\/\" \/>\n<meta property=\"og:site_name\" content=\"Nicolas Duvernois personal web site\" \/>\n<meta property=\"article:modified_time\" content=\"2025-10-16T20:06:26+00:00\" \/>\n<meta property=\"og:image\" content=\"https:\/\/gr.intertel.club\/nduvernois\/wp-content\/uploads\/sites\/2\/2025\/06\/250622-obsede-TRI-v2.jpg\" \/>\n\t<meta property=\"og:image:width\" content=\"1536\" \/>\n\t<meta property=\"og:image:height\" content=\"1024\" \/>\n\t<meta property=\"og:image:type\" content=\"image\/jpeg\" \/>\n<meta name=\"twitter:card\" content=\"summary_large_image\" \/>\n<meta name=\"twitter:label1\" content=\"Dur\u00e9e de lecture estim\u00e9e\" \/>\n\t<meta name=\"twitter:data1\" content=\"5 minutes\" \/>\n<script type=\"application\/ld+json\" class=\"yoast-schema-graph\">{\"@context\":\"https:\/\/schema.org\",\"@graph\":[{\"@type\":\"WebPage\",\"@id\":\"https:\/\/gr.intertel.club\/nduvernois\/economies-denergie-a-la-maison-le-possede-du-rendement\/\",\"url\":\"https:\/\/gr.intertel.club\/nduvernois\/economies-denergie-a-la-maison-le-possede-du-rendement\/\",\"name\":\"Le poss\u00e9d\u00e9 du rendement - Nicolas Duvernois personal web site\",\"isPartOf\":{\"@id\":\"https:\/\/gr.intertel.club\/nduvernois\/#website\"},\"primaryImageOfPage\":{\"@id\":\"https:\/\/gr.intertel.club\/nduvernois\/economies-denergie-a-la-maison-le-possede-du-rendement\/#primaryimage\"},\"image\":{\"@id\":\"https:\/\/gr.intertel.club\/nduvernois\/economies-denergie-a-la-maison-le-possede-du-rendement\/#primaryimage\"},\"thumbnailUrl\":\"https:\/\/gr.intertel.club\/nduvernois\/wp-content\/uploads\/sites\/2\/2025\/06\/250622-obsede-TRI-v2-1024x683.jpg\",\"datePublished\":\"2025-06-26T21:03:50+00:00\",\"dateModified\":\"2025-10-16T20:06:26+00:00\",\"breadcrumb\":{\"@id\":\"https:\/\/gr.intertel.club\/nduvernois\/economies-denergie-a-la-maison-le-possede-du-rendement\/#breadcrumb\"},\"inLanguage\":\"fr-FR\",\"potentialAction\":[{\"@type\":\"ReadAction\",\"target\":[\"https:\/\/gr.intertel.club\/nduvernois\/economies-denergie-a-la-maison-le-possede-du-rendement\/\"]}]},{\"@type\":\"ImageObject\",\"inLanguage\":\"fr-FR\",\"@id\":\"https:\/\/gr.intertel.club\/nduvernois\/economies-denergie-a-la-maison-le-possede-du-rendement\/#primaryimage\",\"url\":\"https:\/\/gr.intertel.club\/nduvernois\/wp-content\/uploads\/sites\/2\/2025\/06\/250622-obsede-TRI-v2.jpg\",\"contentUrl\":\"https:\/\/gr.intertel.club\/nduvernois\/wp-content\/uploads\/sites\/2\/2025\/06\/250622-obsede-TRI-v2.jpg\",\"width\":1536,\"height\":1024},{\"@type\":\"BreadcrumbList\",\"@id\":\"https:\/\/gr.intertel.club\/nduvernois\/economies-denergie-a-la-maison-le-possede-du-rendement\/#breadcrumb\",\"itemListElement\":[{\"@type\":\"ListItem\",\"position\":1,\"name\":\"Home\",\"item\":\"https:\/\/gr.intertel.club\/nduvernois\/\"},{\"@type\":\"ListItem\",\"position\":2,\"name\":\"Le poss\u00e9d\u00e9 du rendement\"}]},{\"@type\":\"WebSite\",\"@id\":\"https:\/\/gr.intertel.club\/nduvernois\/#website\",\"url\":\"https:\/\/gr.intertel.club\/nduvernois\/\",\"name\":\"Nicolas Duvernois personal web site\",\"description\":\"\",\"potentialAction\":[{\"@type\":\"SearchAction\",\"target\":{\"@type\":\"EntryPoint\",\"urlTemplate\":\"https:\/\/gr.intertel.club\/nduvernois\/?s={search_term_string}\"},\"query-input\":{\"@type\":\"PropertyValueSpecification\",\"valueRequired\":true,\"valueName\":\"search_term_string\"}}],\"inLanguage\":\"fr-FR\"}]}<\/script>\n<!-- \/ Yoast SEO plugin. -->","yoast_head_json":{"title":"Le poss\u00e9d\u00e9 du rendement - Nicolas Duvernois personal web site","robots":{"index":"index","follow":"follow","max-snippet":"max-snippet:-1","max-image-preview":"max-image-preview:large","max-video-preview":"max-video-preview:-1"},"canonical":"https:\/\/gr.intertel.club\/nduvernois\/economies-denergie-a-la-maison-le-possede-du-rendement\/","og_locale":"fr_FR","og_type":"article","og_title":"Le poss\u00e9d\u00e9 du rendement - Nicolas Duvernois personal web site","og_description":"Avertissement&nbsp;: je ne suis ni banquier, ni conseiller financier, ni conseiller en gestion de patrimoine. Ce qui suit ne constitue en aucun cas un conseil en placement. N\u2019en d\u00e9duisez surtout pas des choses baroques, comme par exemple que ce pourrait \u00eatre une bonne id\u00e9e que d\u2019emprunter pour investir en bourse. \u00ab&nbsp;Oui, mais tu te rends [&hellip;]","og_url":"https:\/\/gr.intertel.club\/nduvernois\/economies-denergie-a-la-maison-le-possede-du-rendement\/","og_site_name":"Nicolas Duvernois personal web site","article_modified_time":"2025-10-16T20:06:26+00:00","og_image":[{"width":1536,"height":1024,"url":"https:\/\/gr.intertel.club\/nduvernois\/wp-content\/uploads\/sites\/2\/2025\/06\/250622-obsede-TRI-v2.jpg","type":"image\/jpeg"}],"twitter_card":"summary_large_image","twitter_misc":{"Dur\u00e9e de lecture estim\u00e9e":"5 minutes"},"schema":{"@context":"https:\/\/schema.org","@graph":[{"@type":"WebPage","@id":"https:\/\/gr.intertel.club\/nduvernois\/economies-denergie-a-la-maison-le-possede-du-rendement\/","url":"https:\/\/gr.intertel.club\/nduvernois\/economies-denergie-a-la-maison-le-possede-du-rendement\/","name":"Le poss\u00e9d\u00e9 du rendement - Nicolas Duvernois personal web site","isPartOf":{"@id":"https:\/\/gr.intertel.club\/nduvernois\/#website"},"primaryImageOfPage":{"@id":"https:\/\/gr.intertel.club\/nduvernois\/economies-denergie-a-la-maison-le-possede-du-rendement\/#primaryimage"},"image":{"@id":"https:\/\/gr.intertel.club\/nduvernois\/economies-denergie-a-la-maison-le-possede-du-rendement\/#primaryimage"},"thumbnailUrl":"https:\/\/gr.intertel.club\/nduvernois\/wp-content\/uploads\/sites\/2\/2025\/06\/250622-obsede-TRI-v2-1024x683.jpg","datePublished":"2025-06-26T21:03:50+00:00","dateModified":"2025-10-16T20:06:26+00:00","breadcrumb":{"@id":"https:\/\/gr.intertel.club\/nduvernois\/economies-denergie-a-la-maison-le-possede-du-rendement\/#breadcrumb"},"inLanguage":"fr-FR","potentialAction":[{"@type":"ReadAction","target":["https:\/\/gr.intertel.club\/nduvernois\/economies-denergie-a-la-maison-le-possede-du-rendement\/"]}]},{"@type":"ImageObject","inLanguage":"fr-FR","@id":"https:\/\/gr.intertel.club\/nduvernois\/economies-denergie-a-la-maison-le-possede-du-rendement\/#primaryimage","url":"https:\/\/gr.intertel.club\/nduvernois\/wp-content\/uploads\/sites\/2\/2025\/06\/250622-obsede-TRI-v2.jpg","contentUrl":"https:\/\/gr.intertel.club\/nduvernois\/wp-content\/uploads\/sites\/2\/2025\/06\/250622-obsede-TRI-v2.jpg","width":1536,"height":1024},{"@type":"BreadcrumbList","@id":"https:\/\/gr.intertel.club\/nduvernois\/economies-denergie-a-la-maison-le-possede-du-rendement\/#breadcrumb","itemListElement":[{"@type":"ListItem","position":1,"name":"Home","item":"https:\/\/gr.intertel.club\/nduvernois\/"},{"@type":"ListItem","position":2,"name":"Le poss\u00e9d\u00e9 du rendement"}]},{"@type":"WebSite","@id":"https:\/\/gr.intertel.club\/nduvernois\/#website","url":"https:\/\/gr.intertel.club\/nduvernois\/","name":"Nicolas Duvernois personal web site","description":"","potentialAction":[{"@type":"SearchAction","target":{"@type":"EntryPoint","urlTemplate":"https:\/\/gr.intertel.club\/nduvernois\/?s={search_term_string}"},"query-input":{"@type":"PropertyValueSpecification","valueRequired":true,"valueName":"search_term_string"}}],"inLanguage":"fr-FR"}]}},"_links":{"self":[{"href":"https:\/\/gr.intertel.club\/nduvernois\/wp-json\/wp\/v2\/pages\/86","targetHints":{"allow":["GET"]}}],"collection":[{"href":"https:\/\/gr.intertel.club\/nduvernois\/wp-json\/wp\/v2\/pages"}],"about":[{"href":"https:\/\/gr.intertel.club\/nduvernois\/wp-json\/wp\/v2\/types\/page"}],"author":[{"embeddable":true,"href":"https:\/\/gr.intertel.club\/nduvernois\/wp-json\/wp\/v2\/users\/2"}],"replies":[{"embeddable":true,"href":"https:\/\/gr.intertel.club\/nduvernois\/wp-json\/wp\/v2\/comments?post=86"}],"version-history":[{"count":5,"href":"https:\/\/gr.intertel.club\/nduvernois\/wp-json\/wp\/v2\/pages\/86\/revisions"}],"predecessor-version":[{"id":132,"href":"https:\/\/gr.intertel.club\/nduvernois\/wp-json\/wp\/v2\/pages\/86\/revisions\/132"}],"wp:attachment":[{"href":"https:\/\/gr.intertel.club\/nduvernois\/wp-json\/wp\/v2\/media?parent=86"}],"curies":[{"name":"wp","href":"https:\/\/api.w.org\/{rel}","templated":true}]}}