{"id":8,"date":"2025-05-05T08:31:36","date_gmt":"2025-05-05T08:31:36","guid":{"rendered":"https:\/\/gr.intertel.club\/nduvernois\/?page_id=8"},"modified":"2025-10-16T20:06:46","modified_gmt":"2025-10-16T20:06:46","slug":"economies-denergie-a-la-maison-radiateurs-a-eau-surface-ou-temperature-il-faut-choisir","status":"publish","type":"page","link":"https:\/\/gr.intertel.club\/nduvernois\/economies-denergie-a-la-maison-radiateurs-a-eau-surface-ou-temperature-il-faut-choisir\/","title":{"rendered":"Radiateurs \u00e0 eau\u00a0: surface ou temp\u00e9rature, il faut choisir"},"content":{"rendered":"\n<p id=\"ember4087\">Je vais parler ici des radiateurs \u00e0 eau. Pour les radiateurs \u00e9lectriques, ce sera pour une autre fois.<\/p>\n\n\n\n<figure class=\"wp-block-image size-large\"><img loading=\"lazy\" decoding=\"async\" width=\"1024\" height=\"576\" src=\"https:\/\/gr.intertel.club\/nduvernois\/wp-content\/uploads\/sites\/2\/2025\/05\/image-1024x576.png\" alt=\"\" class=\"wp-image-10\" srcset=\"https:\/\/gr.intertel.club\/nduvernois\/wp-content\/uploads\/sites\/2\/2025\/05\/image-1024x576.png 1024w, https:\/\/gr.intertel.club\/nduvernois\/wp-content\/uploads\/sites\/2\/2025\/05\/image-300x169.png 300w, https:\/\/gr.intertel.club\/nduvernois\/wp-content\/uploads\/sites\/2\/2025\/05\/image-768x432.png 768w, https:\/\/gr.intertel.club\/nduvernois\/wp-content\/uploads\/sites\/2\/2025\/05\/image.png 1280w\" sizes=\"auto, (max-width: 1024px) 100vw, 1024px\" \/><\/figure>\n\n\n\n<p id=\"ember4088\">\u00c0 une \u00e9poque, une mode voulait que les radiateurs soient couverts, munis d\u2019une tablette pour poser des choses variables, ou cach\u00e9s dans une sorte de placard avec une fa\u00e7ade perfor\u00e9e. Je ne me prononcerai pas sur les questions esth\u00e9tiques, je me contenterai de vous inciter \u00e0 enlever ces divers accessoires qui, pour s\u00fbr, r\u00e9duisent l\u2019efficacit\u00e9 du chauffage.<\/p>\n\n\n\n<p id=\"ember4089\">Venons-en au calcul de la puissance thermique apport\u00e9e par le radiateur \u00e0 la pi\u00e8ce&nbsp;:<\/p>\n\n\n\n<p id=\"ember4090\">Puissance = Coef_transfert x Ouverture_vanne x Surface_\u00e9change x D\u00e9bit_eau x (Teau \u2013 Tpi\u00e8ce)<\/p>\n\n\n\n<p id=\"ember4091\">Comme expliqu\u00e9 pr\u00e9c\u00e9demment, pour am\u00e9liorer le rendement de votre installation, il faut r\u00e9duire la temp\u00e9rature de l\u2019eau. Donc, pour diminuer la temp\u00e9rature de l\u2019eau et garder la puissance maximum constante (= avec la vanne ouverte \u00e0 fond), il n\u2019y a pas 36 possibilit\u00e9s&nbsp;:<\/p>\n\n\n\n<ul class=\"wp-block-list\">\n<li>augmenter le coefficient de transfert&nbsp;: de prime abord, c\u2019est fix\u00e9 par le mod\u00e8le du radiateur, mais \u2026 ouvrez la vis de purge d\u2019air, et si \u00e7a coule noir, il est sans doute temps de contacter votre chauffagiste pour lui faire r\u00e9aliser un d\u00e9sembouage de votre circuit<\/li>\n\n\n\n<li>augmenter le d\u00e9bit d\u2019eau&nbsp;: \u00e0 faire avec pr\u00e9caution, s\u2019il est trop \u00e9lev\u00e9, cela va faire du bruit. Si vous avez une pompe de circulation \u00e0 d\u00e9bit variable, cela vous co\u00fbtera exactement 0.<\/li>\n\n\n\n<li>augmenter la surface d\u2019\u00e9change, donc la taille du radiateur (hauteur, largeur, \u00e9paisseur)&nbsp;: l\u00e0, il s\u2019agit de remplacer vos radiateurs pour les rendre compatibles avec une loi d\u2019eau la plus faible possible. Typiquement, les radiateurs sont pr\u00e9sent\u00e9s avec 2 puissances&nbsp;: pour une loi d\u2019eau 70-50\u00b0C, et pour 50-30\u00b0C. Il faut donc se baser sur la puissance \u00e0 50-30\u00b0C. C\u2019est un bricolage assez facile, et que vous pouvez \u00e9taler dans le temps, 1 ou 2 radiateurs par an par exemple. Vous pouvez toutefois rencontrer quelques soucis si les branchements ne sont pas exactement au m\u00eame endroit, et faites attention \u00e0 la charge admissible par les fixations sur le mur.<\/li>\n<\/ul>\n\n\n\n<p id=\"ember4093\">Pourquoi s\u2019\u00e9chiner \u00e0 changer les radiateurs&nbsp;? Si les v\u00f4tres sont dimensionn\u00e9s pour une eau \u00e0 60 ou 70\u00b0C et que vous pensez remplacer votre vieille chaudi\u00e8re fioul ou gaz par une pompe \u00e0 chaleur, vous aurez une tr\u00e8s mauvaise surprise, car le rendement ET la puissance des pompes \u00e0 chaleur diminuent rapidement d\u00e8s que la temp\u00e9rature de l\u2019eau augmente. Dit autrement, vous vous appr\u00eatez \u00e0 avoir froid et \u00e0 b\u00e9n\u00e9ficier d\u2019une consommation largement sup\u00e9rieure \u00e0 ce qui vous aura \u00e9t\u00e9 vendu. Et si vous comptez conserver le gaz, passer \u00e0 une loi d\u2019eau plus faible vous permet de regarder les chaudi\u00e8res \u00e0 basse temp\u00e9rature.<\/p>\n\n\n\n<p id=\"ember4094\">D\u2019une mani\u00e8re g\u00e9n\u00e9rale, plus vous diminuerez la temp\u00e9rature d\u2019eau maximale dont vous avez besoin, plus vous pourrez mettre \u00e0 l\u2019alimentation de votre circuit de chauffage des g\u00e9n\u00e9rateurs de chaleur int\u00e9ressants.<\/p>\n\n\n\n<p id=\"ember4095\"><em>OK, mais toutes choses \u00e9gales par ailleurs, combien on gagne en change les radiateurs et en r\u00e9duisant la loi d&rsquo;eau ?<\/em><\/p>\n\n\n\n<p id=\"ember4096\">Je n&rsquo;ai pas d&rsquo;\u00e9l\u00e9ment pr\u00e9cis pour r\u00e9pondre, mais je pense que 10 \u00e0 20% est un ordre de grandeur r\u00e9aliste. Mais le gros gain se manifestera en changeant de g\u00e9n\u00e9rateur de chaleur (voir quelques lignes au-dessus).<\/p>\n\n\n\n<p id=\"ember4097\"><em>Bon, tu es sympa, mais un coup tu nous dis qu\u2019il faut augmenter le d\u00e9bit, et le coup d\u2019apr\u00e8s qu\u2019il faut le diminuer. On fait quoi au juste&nbsp;?<\/em><\/p>\n\n\n\n<p id=\"ember4098\">Ce qui est amusant, c\u2019est que ces 2 indications ne sont pas contradictoires, mais compl\u00e9mentaires. Il est int\u00e9ressant d\u2019augmenter le d\u00e9bit maximal de mani\u00e8re \u00e0 diminuer la temp\u00e9rature de l\u2019eau maximale, ce qui permet de gagner sur le rendement de la chaudi\u00e8re \/ pompe \u00e0 chaleur et sur les pertes dans la distribution. Et une fois que les vannes des radiateurs commencent \u00e0 r\u00e9guler, il est int\u00e9ressant de r\u00e9duire le d\u00e9bit pour limiter la consommation de la pompe et \u00e9viter les surpressions. Et si je vous ai pas convaincu, aucun probl\u00e8me, au contraire\u00a0: dans cet article (<a href=\"https:\/\/gr.intertel.club\/nduvernois\/economies-denergie-a-la-maison-la-temperature-vous-dis-je-la-temperature\/\">ici<\/a>), je vous ai expliqu\u00e9 comment mesurer la consommation de chauffage, la tracer en fonction des DJU et en tirer vos propres conclusions sur le bon r\u00e9glage \u00e0 adopter. Allez-y, faites vos propres mesures, vos propres exp\u00e9riences et partagez vos conclusions.<\/p>\n\n\n\n<p><\/p>\n","protected":false},"excerpt":{"rendered":"<p>Je vais parler ici des radiateurs \u00e0 eau. Pour les radiateurs \u00e9lectriques, ce sera pour une autre fois. \u00c0 une \u00e9poque, une mode voulait que les radiateurs soient couverts, munis d\u2019une tablette pour poser des choses variables, ou cach\u00e9s dans une sorte de placard avec une fa\u00e7ade perfor\u00e9e. Je ne me prononcerai pas sur les [&hellip;]<\/p>\n","protected":false},"author":1,"featured_media":0,"parent":0,"menu_order":0,"comment_status":"closed","ping_status":"closed","template":"","meta":{"footnotes":""},"class_list":["post-8","page","type-page","status-publish","hentry"],"yoast_head":"<!-- This site is optimized with the Yoast SEO plugin v25.8 - https:\/\/yoast.com\/wordpress\/plugins\/seo\/ -->\n<title>Radiateurs \u00e0 eau\u00a0: surface ou temp\u00e9rature, il faut choisir - Nicolas Duvernois personal web site<\/title>\n<meta name=\"robots\" content=\"index, follow, max-snippet:-1, max-image-preview:large, max-video-preview:-1\" \/>\n<link rel=\"canonical\" href=\"https:\/\/gr.intertel.club\/nduvernois\/economies-denergie-a-la-maison-radiateurs-a-eau-surface-ou-temperature-il-faut-choisir\/\" \/>\n<meta property=\"og:locale\" content=\"fr_FR\" \/>\n<meta property=\"og:type\" content=\"article\" \/>\n<meta property=\"og:title\" content=\"Radiateurs \u00e0 eau\u00a0: surface ou temp\u00e9rature, il faut choisir - Nicolas Duvernois personal web site\" \/>\n<meta property=\"og:description\" content=\"Je vais parler ici des radiateurs \u00e0 eau. Pour les radiateurs \u00e9lectriques, ce sera pour une autre fois. \u00c0 une \u00e9poque, une mode voulait que les radiateurs soient couverts, munis d\u2019une tablette pour poser des choses variables, ou cach\u00e9s dans une sorte de placard avec une fa\u00e7ade perfor\u00e9e. Je ne me prononcerai pas sur les [&hellip;]\" \/>\n<meta property=\"og:url\" content=\"https:\/\/gr.intertel.club\/nduvernois\/economies-denergie-a-la-maison-radiateurs-a-eau-surface-ou-temperature-il-faut-choisir\/\" \/>\n<meta property=\"og:site_name\" content=\"Nicolas Duvernois personal web site\" \/>\n<meta property=\"article:modified_time\" content=\"2025-10-16T20:06:46+00:00\" \/>\n<meta property=\"og:image\" content=\"https:\/\/gr.intertel.club\/nduvernois\/wp-content\/uploads\/sites\/2\/2025\/05\/image.png\" \/>\n\t<meta property=\"og:image:width\" content=\"1280\" \/>\n\t<meta property=\"og:image:height\" content=\"720\" \/>\n\t<meta property=\"og:image:type\" content=\"image\/png\" \/>\n<meta name=\"twitter:card\" content=\"summary_large_image\" \/>\n<meta name=\"twitter:label1\" content=\"Dur\u00e9e de lecture estim\u00e9e\" \/>\n\t<meta name=\"twitter:data1\" content=\"4 minutes\" \/>\n<script type=\"application\/ld+json\" class=\"yoast-schema-graph\">{\"@context\":\"https:\/\/schema.org\",\"@graph\":[{\"@type\":\"WebPage\",\"@id\":\"https:\/\/gr.intertel.club\/nduvernois\/economies-denergie-a-la-maison-radiateurs-a-eau-surface-ou-temperature-il-faut-choisir\/\",\"url\":\"https:\/\/gr.intertel.club\/nduvernois\/economies-denergie-a-la-maison-radiateurs-a-eau-surface-ou-temperature-il-faut-choisir\/\",\"name\":\"Radiateurs \u00e0 eau\u00a0: surface ou temp\u00e9rature, il faut choisir - Nicolas Duvernois personal web site\",\"isPartOf\":{\"@id\":\"https:\/\/gr.intertel.club\/nduvernois\/#website\"},\"primaryImageOfPage\":{\"@id\":\"https:\/\/gr.intertel.club\/nduvernois\/economies-denergie-a-la-maison-radiateurs-a-eau-surface-ou-temperature-il-faut-choisir\/#primaryimage\"},\"image\":{\"@id\":\"https:\/\/gr.intertel.club\/nduvernois\/economies-denergie-a-la-maison-radiateurs-a-eau-surface-ou-temperature-il-faut-choisir\/#primaryimage\"},\"thumbnailUrl\":\"https:\/\/gr.intertel.club\/nduvernois\/wp-content\/uploads\/sites\/2\/2025\/05\/image-1024x576.png\",\"datePublished\":\"2025-05-05T08:31:36+00:00\",\"dateModified\":\"2025-10-16T20:06:46+00:00\",\"breadcrumb\":{\"@id\":\"https:\/\/gr.intertel.club\/nduvernois\/economies-denergie-a-la-maison-radiateurs-a-eau-surface-ou-temperature-il-faut-choisir\/#breadcrumb\"},\"inLanguage\":\"fr-FR\",\"potentialAction\":[{\"@type\":\"ReadAction\",\"target\":[\"https:\/\/gr.intertel.club\/nduvernois\/economies-denergie-a-la-maison-radiateurs-a-eau-surface-ou-temperature-il-faut-choisir\/\"]}]},{\"@type\":\"ImageObject\",\"inLanguage\":\"fr-FR\",\"@id\":\"https:\/\/gr.intertel.club\/nduvernois\/economies-denergie-a-la-maison-radiateurs-a-eau-surface-ou-temperature-il-faut-choisir\/#primaryimage\",\"url\":\"https:\/\/gr.intertel.club\/nduvernois\/wp-content\/uploads\/sites\/2\/2025\/05\/image.png\",\"contentUrl\":\"https:\/\/gr.intertel.club\/nduvernois\/wp-content\/uploads\/sites\/2\/2025\/05\/image.png\",\"width\":1280,\"height\":720},{\"@type\":\"BreadcrumbList\",\"@id\":\"https:\/\/gr.intertel.club\/nduvernois\/economies-denergie-a-la-maison-radiateurs-a-eau-surface-ou-temperature-il-faut-choisir\/#breadcrumb\",\"itemListElement\":[{\"@type\":\"ListItem\",\"position\":1,\"name\":\"Home\",\"item\":\"https:\/\/gr.intertel.club\/nduvernois\/\"},{\"@type\":\"ListItem\",\"position\":2,\"name\":\"Radiateurs \u00e0 eau\u00a0: surface ou temp\u00e9rature, il faut choisir\"}]},{\"@type\":\"WebSite\",\"@id\":\"https:\/\/gr.intertel.club\/nduvernois\/#website\",\"url\":\"https:\/\/gr.intertel.club\/nduvernois\/\",\"name\":\"Nicolas Duvernois personal web site\",\"description\":\"\",\"potentialAction\":[{\"@type\":\"SearchAction\",\"target\":{\"@type\":\"EntryPoint\",\"urlTemplate\":\"https:\/\/gr.intertel.club\/nduvernois\/?s={search_term_string}\"},\"query-input\":{\"@type\":\"PropertyValueSpecification\",\"valueRequired\":true,\"valueName\":\"search_term_string\"}}],\"inLanguage\":\"fr-FR\"}]}<\/script>\n<!-- \/ Yoast SEO plugin. -->","yoast_head_json":{"title":"Radiateurs \u00e0 eau\u00a0: surface ou temp\u00e9rature, il faut choisir - Nicolas Duvernois personal web site","robots":{"index":"index","follow":"follow","max-snippet":"max-snippet:-1","max-image-preview":"max-image-preview:large","max-video-preview":"max-video-preview:-1"},"canonical":"https:\/\/gr.intertel.club\/nduvernois\/economies-denergie-a-la-maison-radiateurs-a-eau-surface-ou-temperature-il-faut-choisir\/","og_locale":"fr_FR","og_type":"article","og_title":"Radiateurs \u00e0 eau\u00a0: surface ou temp\u00e9rature, il faut choisir - Nicolas Duvernois personal web site","og_description":"Je vais parler ici des radiateurs \u00e0 eau. Pour les radiateurs \u00e9lectriques, ce sera pour une autre fois. \u00c0 une \u00e9poque, une mode voulait que les radiateurs soient couverts, munis d\u2019une tablette pour poser des choses variables, ou cach\u00e9s dans une sorte de placard avec une fa\u00e7ade perfor\u00e9e. Je ne me prononcerai pas sur les [&hellip;]","og_url":"https:\/\/gr.intertel.club\/nduvernois\/economies-denergie-a-la-maison-radiateurs-a-eau-surface-ou-temperature-il-faut-choisir\/","og_site_name":"Nicolas Duvernois personal web site","article_modified_time":"2025-10-16T20:06:46+00:00","og_image":[{"width":1280,"height":720,"url":"https:\/\/gr.intertel.club\/nduvernois\/wp-content\/uploads\/sites\/2\/2025\/05\/image.png","type":"image\/png"}],"twitter_card":"summary_large_image","twitter_misc":{"Dur\u00e9e de lecture estim\u00e9e":"4 minutes"},"schema":{"@context":"https:\/\/schema.org","@graph":[{"@type":"WebPage","@id":"https:\/\/gr.intertel.club\/nduvernois\/economies-denergie-a-la-maison-radiateurs-a-eau-surface-ou-temperature-il-faut-choisir\/","url":"https:\/\/gr.intertel.club\/nduvernois\/economies-denergie-a-la-maison-radiateurs-a-eau-surface-ou-temperature-il-faut-choisir\/","name":"Radiateurs \u00e0 eau\u00a0: surface ou temp\u00e9rature, il faut choisir - Nicolas Duvernois personal web site","isPartOf":{"@id":"https:\/\/gr.intertel.club\/nduvernois\/#website"},"primaryImageOfPage":{"@id":"https:\/\/gr.intertel.club\/nduvernois\/economies-denergie-a-la-maison-radiateurs-a-eau-surface-ou-temperature-il-faut-choisir\/#primaryimage"},"image":{"@id":"https:\/\/gr.intertel.club\/nduvernois\/economies-denergie-a-la-maison-radiateurs-a-eau-surface-ou-temperature-il-faut-choisir\/#primaryimage"},"thumbnailUrl":"https:\/\/gr.intertel.club\/nduvernois\/wp-content\/uploads\/sites\/2\/2025\/05\/image-1024x576.png","datePublished":"2025-05-05T08:31:36+00:00","dateModified":"2025-10-16T20:06:46+00:00","breadcrumb":{"@id":"https:\/\/gr.intertel.club\/nduvernois\/economies-denergie-a-la-maison-radiateurs-a-eau-surface-ou-temperature-il-faut-choisir\/#breadcrumb"},"inLanguage":"fr-FR","potentialAction":[{"@type":"ReadAction","target":["https:\/\/gr.intertel.club\/nduvernois\/economies-denergie-a-la-maison-radiateurs-a-eau-surface-ou-temperature-il-faut-choisir\/"]}]},{"@type":"ImageObject","inLanguage":"fr-FR","@id":"https:\/\/gr.intertel.club\/nduvernois\/economies-denergie-a-la-maison-radiateurs-a-eau-surface-ou-temperature-il-faut-choisir\/#primaryimage","url":"https:\/\/gr.intertel.club\/nduvernois\/wp-content\/uploads\/sites\/2\/2025\/05\/image.png","contentUrl":"https:\/\/gr.intertel.club\/nduvernois\/wp-content\/uploads\/sites\/2\/2025\/05\/image.png","width":1280,"height":720},{"@type":"BreadcrumbList","@id":"https:\/\/gr.intertel.club\/nduvernois\/economies-denergie-a-la-maison-radiateurs-a-eau-surface-ou-temperature-il-faut-choisir\/#breadcrumb","itemListElement":[{"@type":"ListItem","position":1,"name":"Home","item":"https:\/\/gr.intertel.club\/nduvernois\/"},{"@type":"ListItem","position":2,"name":"Radiateurs \u00e0 eau\u00a0: surface ou temp\u00e9rature, il faut choisir"}]},{"@type":"WebSite","@id":"https:\/\/gr.intertel.club\/nduvernois\/#website","url":"https:\/\/gr.intertel.club\/nduvernois\/","name":"Nicolas Duvernois personal web site","description":"","potentialAction":[{"@type":"SearchAction","target":{"@type":"EntryPoint","urlTemplate":"https:\/\/gr.intertel.club\/nduvernois\/?s={search_term_string}"},"query-input":{"@type":"PropertyValueSpecification","valueRequired":true,"valueName":"search_term_string"}}],"inLanguage":"fr-FR"}]}},"_links":{"self":[{"href":"https:\/\/gr.intertel.club\/nduvernois\/wp-json\/wp\/v2\/pages\/8","targetHints":{"allow":["GET"]}}],"collection":[{"href":"https:\/\/gr.intertel.club\/nduvernois\/wp-json\/wp\/v2\/pages"}],"about":[{"href":"https:\/\/gr.intertel.club\/nduvernois\/wp-json\/wp\/v2\/types\/page"}],"author":[{"embeddable":true,"href":"https:\/\/gr.intertel.club\/nduvernois\/wp-json\/wp\/v2\/users\/1"}],"replies":[{"embeddable":true,"href":"https:\/\/gr.intertel.club\/nduvernois\/wp-json\/wp\/v2\/comments?post=8"}],"version-history":[{"count":4,"href":"https:\/\/gr.intertel.club\/nduvernois\/wp-json\/wp\/v2\/pages\/8\/revisions"}],"predecessor-version":[{"id":133,"href":"https:\/\/gr.intertel.club\/nduvernois\/wp-json\/wp\/v2\/pages\/8\/revisions\/133"}],"wp:attachment":[{"href":"https:\/\/gr.intertel.club\/nduvernois\/wp-json\/wp\/v2\/media?parent=8"}],"curies":[{"name":"wp","href":"https:\/\/api.w.org\/{rel}","templated":true}]}}