{"id":44,"date":"2025-05-05T08:53:01","date_gmt":"2025-05-05T08:53:01","guid":{"rendered":"https:\/\/gr.intertel.club\/nduvernois\/?page_id=44"},"modified":"2025-10-16T19:56:35","modified_gmt":"2025-10-16T19:56:35","slug":"economies-denergie-a-la-maison-au-commencement-etait-la-mesure","status":"publish","type":"page","link":"https:\/\/gr.intertel.club\/nduvernois\/economies-denergie-a-la-maison-au-commencement-etait-la-mesure\/","title":{"rendered":"Au commencement \u00e9tait la mesure"},"content":{"rendered":"\n<p id=\"ember8256\"><\/p>\n\n\n\n<figure class=\"wp-block-image size-large\"><img loading=\"lazy\" decoding=\"async\" width=\"1024\" height=\"576\" src=\"https:\/\/gr.intertel.club\/nduvernois\/wp-content\/uploads\/sites\/2\/2025\/05\/image-15-1024x576.png\" alt=\"\" class=\"wp-image-45\" srcset=\"https:\/\/gr.intertel.club\/nduvernois\/wp-content\/uploads\/sites\/2\/2025\/05\/image-15-1024x576.png 1024w, https:\/\/gr.intertel.club\/nduvernois\/wp-content\/uploads\/sites\/2\/2025\/05\/image-15-300x169.png 300w, https:\/\/gr.intertel.club\/nduvernois\/wp-content\/uploads\/sites\/2\/2025\/05\/image-15-768x432.png 768w, https:\/\/gr.intertel.club\/nduvernois\/wp-content\/uploads\/sites\/2\/2025\/05\/image-15.png 1280w\" sizes=\"auto, (max-width: 1024px) 100vw, 1024px\" \/><\/figure>\n\n\n\n<p id=\"ember8257\">Ce post initie une s\u00e9rie qui va parler d\u2019efficacit\u00e9 \u00e9nerg\u00e9tique \u00e0 la maison, et notamment de chauffage. L\u2019id\u00e9e g\u00e9n\u00e9rale est de transposer \u00e0 la maison des recettes simples qui fonctionnent en milieu professionnel. \u00c0 chacun de juger s\u2019il veut tenter ces \u00e9volutions, sous sa propre responsabilit\u00e9, et \u00e0 condition \u00e9videmment d\u2019en avoir le droit.<\/p>\n\n\n\n<p id=\"ember8257\">Ces posts pourront contenir des noms commerciaux, \u00e0 titre d\u2019illustration, pas de recommandation. Je n\u2019ai aucun int\u00e9r\u00eat financier significatif avec les entreprises en question.<\/p>\n\n\n\n<p id=\"ember8258\">\u00ab&nbsp;Comment je fais pour am\u00e9liorer ma consommation d\u2019\u00e9nergie&nbsp;\u00bb&nbsp;?<\/p>\n\n\n\n<p id=\"ember8260\">Il faut d\u00e9j\u00e0 savoir combien vous consommez, et donc mesurer la consommation en unit\u00e9 d\u2019\u00e9nergie, pas en euros. L\u2019unit\u00e9 d\u2019\u00e9nergie la plus courante, sur votre facture d\u2019\u00e9lectricit\u00e9 ou de gaz, c\u2019est le kWh. Pour les autres \u00e9nergies, raccrochez-vous \u00e0 une unit\u00e9 physique accessible&nbsp;: litres de fioul, st\u00e8res de bois, sacs de pellets, etc&#8230;<\/p>\n\n\n\n<p id=\"ember8261\">Maintenant que vous savez comment mesurer, il faut le faire tr\u00e8s r\u00e9guli\u00e8rement, tous les mois pour commencer&nbsp;: chaque premier du mois \u00e0 00:00, \u00e0 08:00, peu importe, du moment que cela soit r\u00e9gulier. Pour le gaz et l\u2019\u00e9lectricit\u00e9, votre fournisseur d\u2019\u00e9nergie vous m\u00e2che le travail. Vous pouvez aussi cr\u00e9er votre compte Internet chez Enedis ou GRDF, et vous r\u00e9cup\u00e9rerez ces informations quel que soit votre fournisseur. Pour les autres \u00e9nergies, il va falloir relever la jauge de la cuve, mesurer la taille du tas de bois, etc.<\/p>\n\n\n\n<p id=\"ember8262\">\u00ab&nbsp;Oui, mais avec juste le compteur d\u2019\u00e9lectricit\u00e9 Enedis, je m\u00e9lange tout. Je vais y arriver&nbsp;?&nbsp;\u00bb Excellente question, la r\u00e9ponse est oui, les d\u00e9tails figureront dans un prochain post.<\/p>\n","protected":false},"excerpt":{"rendered":"<p>Ce post initie une s\u00e9rie qui va parler d\u2019efficacit\u00e9 \u00e9nerg\u00e9tique \u00e0 la maison, et notamment de chauffage. L\u2019id\u00e9e g\u00e9n\u00e9rale est de transposer \u00e0 la maison des recettes simples qui fonctionnent en milieu professionnel. \u00c0 chacun de juger s\u2019il veut tenter ces \u00e9volutions, sous sa propre responsabilit\u00e9, et \u00e0 condition \u00e9videmment d\u2019en avoir le droit. Ces [&hellip;]<\/p>\n","protected":false},"author":1,"featured_media":0,"parent":0,"menu_order":0,"comment_status":"closed","ping_status":"closed","template":"","meta":{"footnotes":""},"class_list":["post-44","page","type-page","status-publish","hentry"],"yoast_head":"<!-- This site is optimized with the Yoast SEO plugin v25.8 - https:\/\/yoast.com\/wordpress\/plugins\/seo\/ -->\n<title>Au commencement \u00e9tait la mesure - Nicolas Duvernois personal web site<\/title>\n<meta name=\"robots\" content=\"index, follow, max-snippet:-1, max-image-preview:large, max-video-preview:-1\" \/>\n<link rel=\"canonical\" href=\"https:\/\/gr.intertel.club\/nduvernois\/economies-denergie-a-la-maison-au-commencement-etait-la-mesure\/\" \/>\n<meta property=\"og:locale\" content=\"fr_FR\" \/>\n<meta property=\"og:type\" content=\"article\" \/>\n<meta property=\"og:title\" content=\"Au commencement \u00e9tait la mesure - Nicolas Duvernois personal web site\" \/>\n<meta property=\"og:description\" content=\"Ce post initie une s\u00e9rie qui va parler d\u2019efficacit\u00e9 \u00e9nerg\u00e9tique \u00e0 la maison, et notamment de chauffage. L\u2019id\u00e9e g\u00e9n\u00e9rale est de transposer \u00e0 la maison des recettes simples qui fonctionnent en milieu professionnel. \u00c0 chacun de juger s\u2019il veut tenter ces \u00e9volutions, sous sa propre responsabilit\u00e9, et \u00e0 condition \u00e9videmment d\u2019en avoir le droit. Ces [&hellip;]\" \/>\n<meta property=\"og:url\" content=\"https:\/\/gr.intertel.club\/nduvernois\/economies-denergie-a-la-maison-au-commencement-etait-la-mesure\/\" \/>\n<meta property=\"og:site_name\" content=\"Nicolas Duvernois personal web site\" \/>\n<meta property=\"article:modified_time\" content=\"2025-10-16T19:56:35+00:00\" \/>\n<meta property=\"og:image\" content=\"https:\/\/gr.intertel.club\/nduvernois\/wp-content\/uploads\/sites\/2\/2025\/05\/image-15.png\" \/>\n\t<meta property=\"og:image:width\" content=\"1280\" \/>\n\t<meta property=\"og:image:height\" content=\"720\" \/>\n\t<meta property=\"og:image:type\" content=\"image\/png\" \/>\n<meta name=\"twitter:card\" content=\"summary_large_image\" \/>\n<meta name=\"twitter:label1\" content=\"Dur\u00e9e de lecture estim\u00e9e\" \/>\n\t<meta name=\"twitter:data1\" content=\"2 minutes\" \/>\n<script type=\"application\/ld+json\" class=\"yoast-schema-graph\">{\"@context\":\"https:\/\/schema.org\",\"@graph\":[{\"@type\":\"WebPage\",\"@id\":\"https:\/\/gr.intertel.club\/nduvernois\/economies-denergie-a-la-maison-au-commencement-etait-la-mesure\/\",\"url\":\"https:\/\/gr.intertel.club\/nduvernois\/economies-denergie-a-la-maison-au-commencement-etait-la-mesure\/\",\"name\":\"Au commencement \u00e9tait la mesure - Nicolas Duvernois personal web site\",\"isPartOf\":{\"@id\":\"https:\/\/gr.intertel.club\/nduvernois\/#website\"},\"primaryImageOfPage\":{\"@id\":\"https:\/\/gr.intertel.club\/nduvernois\/economies-denergie-a-la-maison-au-commencement-etait-la-mesure\/#primaryimage\"},\"image\":{\"@id\":\"https:\/\/gr.intertel.club\/nduvernois\/economies-denergie-a-la-maison-au-commencement-etait-la-mesure\/#primaryimage\"},\"thumbnailUrl\":\"https:\/\/gr.intertel.club\/nduvernois\/wp-content\/uploads\/sites\/2\/2025\/05\/image-15-1024x576.png\",\"datePublished\":\"2025-05-05T08:53:01+00:00\",\"dateModified\":\"2025-10-16T19:56:35+00:00\",\"breadcrumb\":{\"@id\":\"https:\/\/gr.intertel.club\/nduvernois\/economies-denergie-a-la-maison-au-commencement-etait-la-mesure\/#breadcrumb\"},\"inLanguage\":\"fr-FR\",\"potentialAction\":[{\"@type\":\"ReadAction\",\"target\":[\"https:\/\/gr.intertel.club\/nduvernois\/economies-denergie-a-la-maison-au-commencement-etait-la-mesure\/\"]}]},{\"@type\":\"ImageObject\",\"inLanguage\":\"fr-FR\",\"@id\":\"https:\/\/gr.intertel.club\/nduvernois\/economies-denergie-a-la-maison-au-commencement-etait-la-mesure\/#primaryimage\",\"url\":\"https:\/\/gr.intertel.club\/nduvernois\/wp-content\/uploads\/sites\/2\/2025\/05\/image-15.png\",\"contentUrl\":\"https:\/\/gr.intertel.club\/nduvernois\/wp-content\/uploads\/sites\/2\/2025\/05\/image-15.png\",\"width\":1280,\"height\":720},{\"@type\":\"BreadcrumbList\",\"@id\":\"https:\/\/gr.intertel.club\/nduvernois\/economies-denergie-a-la-maison-au-commencement-etait-la-mesure\/#breadcrumb\",\"itemListElement\":[{\"@type\":\"ListItem\",\"position\":1,\"name\":\"Home\",\"item\":\"https:\/\/gr.intertel.club\/nduvernois\/\"},{\"@type\":\"ListItem\",\"position\":2,\"name\":\"Au commencement \u00e9tait la mesure\"}]},{\"@type\":\"WebSite\",\"@id\":\"https:\/\/gr.intertel.club\/nduvernois\/#website\",\"url\":\"https:\/\/gr.intertel.club\/nduvernois\/\",\"name\":\"Nicolas Duvernois personal web site\",\"description\":\"\",\"potentialAction\":[{\"@type\":\"SearchAction\",\"target\":{\"@type\":\"EntryPoint\",\"urlTemplate\":\"https:\/\/gr.intertel.club\/nduvernois\/?s={search_term_string}\"},\"query-input\":{\"@type\":\"PropertyValueSpecification\",\"valueRequired\":true,\"valueName\":\"search_term_string\"}}],\"inLanguage\":\"fr-FR\"}]}<\/script>\n<!-- \/ Yoast SEO plugin. -->","yoast_head_json":{"title":"Au commencement \u00e9tait la mesure - Nicolas Duvernois personal web site","robots":{"index":"index","follow":"follow","max-snippet":"max-snippet:-1","max-image-preview":"max-image-preview:large","max-video-preview":"max-video-preview:-1"},"canonical":"https:\/\/gr.intertel.club\/nduvernois\/economies-denergie-a-la-maison-au-commencement-etait-la-mesure\/","og_locale":"fr_FR","og_type":"article","og_title":"Au commencement \u00e9tait la mesure - Nicolas Duvernois personal web site","og_description":"Ce post initie une s\u00e9rie qui va parler d\u2019efficacit\u00e9 \u00e9nerg\u00e9tique \u00e0 la maison, et notamment de chauffage. L\u2019id\u00e9e g\u00e9n\u00e9rale est de transposer \u00e0 la maison des recettes simples qui fonctionnent en milieu professionnel. \u00c0 chacun de juger s\u2019il veut tenter ces \u00e9volutions, sous sa propre responsabilit\u00e9, et \u00e0 condition \u00e9videmment d\u2019en avoir le droit. Ces [&hellip;]","og_url":"https:\/\/gr.intertel.club\/nduvernois\/economies-denergie-a-la-maison-au-commencement-etait-la-mesure\/","og_site_name":"Nicolas Duvernois personal web site","article_modified_time":"2025-10-16T19:56:35+00:00","og_image":[{"width":1280,"height":720,"url":"https:\/\/gr.intertel.club\/nduvernois\/wp-content\/uploads\/sites\/2\/2025\/05\/image-15.png","type":"image\/png"}],"twitter_card":"summary_large_image","twitter_misc":{"Dur\u00e9e de lecture estim\u00e9e":"2 minutes"},"schema":{"@context":"https:\/\/schema.org","@graph":[{"@type":"WebPage","@id":"https:\/\/gr.intertel.club\/nduvernois\/economies-denergie-a-la-maison-au-commencement-etait-la-mesure\/","url":"https:\/\/gr.intertel.club\/nduvernois\/economies-denergie-a-la-maison-au-commencement-etait-la-mesure\/","name":"Au commencement \u00e9tait la mesure - Nicolas Duvernois personal web site","isPartOf":{"@id":"https:\/\/gr.intertel.club\/nduvernois\/#website"},"primaryImageOfPage":{"@id":"https:\/\/gr.intertel.club\/nduvernois\/economies-denergie-a-la-maison-au-commencement-etait-la-mesure\/#primaryimage"},"image":{"@id":"https:\/\/gr.intertel.club\/nduvernois\/economies-denergie-a-la-maison-au-commencement-etait-la-mesure\/#primaryimage"},"thumbnailUrl":"https:\/\/gr.intertel.club\/nduvernois\/wp-content\/uploads\/sites\/2\/2025\/05\/image-15-1024x576.png","datePublished":"2025-05-05T08:53:01+00:00","dateModified":"2025-10-16T19:56:35+00:00","breadcrumb":{"@id":"https:\/\/gr.intertel.club\/nduvernois\/economies-denergie-a-la-maison-au-commencement-etait-la-mesure\/#breadcrumb"},"inLanguage":"fr-FR","potentialAction":[{"@type":"ReadAction","target":["https:\/\/gr.intertel.club\/nduvernois\/economies-denergie-a-la-maison-au-commencement-etait-la-mesure\/"]}]},{"@type":"ImageObject","inLanguage":"fr-FR","@id":"https:\/\/gr.intertel.club\/nduvernois\/economies-denergie-a-la-maison-au-commencement-etait-la-mesure\/#primaryimage","url":"https:\/\/gr.intertel.club\/nduvernois\/wp-content\/uploads\/sites\/2\/2025\/05\/image-15.png","contentUrl":"https:\/\/gr.intertel.club\/nduvernois\/wp-content\/uploads\/sites\/2\/2025\/05\/image-15.png","width":1280,"height":720},{"@type":"BreadcrumbList","@id":"https:\/\/gr.intertel.club\/nduvernois\/economies-denergie-a-la-maison-au-commencement-etait-la-mesure\/#breadcrumb","itemListElement":[{"@type":"ListItem","position":1,"name":"Home","item":"https:\/\/gr.intertel.club\/nduvernois\/"},{"@type":"ListItem","position":2,"name":"Au commencement \u00e9tait la mesure"}]},{"@type":"WebSite","@id":"https:\/\/gr.intertel.club\/nduvernois\/#website","url":"https:\/\/gr.intertel.club\/nduvernois\/","name":"Nicolas Duvernois personal web site","description":"","potentialAction":[{"@type":"SearchAction","target":{"@type":"EntryPoint","urlTemplate":"https:\/\/gr.intertel.club\/nduvernois\/?s={search_term_string}"},"query-input":{"@type":"PropertyValueSpecification","valueRequired":true,"valueName":"search_term_string"}}],"inLanguage":"fr-FR"}]}},"_links":{"self":[{"href":"https:\/\/gr.intertel.club\/nduvernois\/wp-json\/wp\/v2\/pages\/44","targetHints":{"allow":["GET"]}}],"collection":[{"href":"https:\/\/gr.intertel.club\/nduvernois\/wp-json\/wp\/v2\/pages"}],"about":[{"href":"https:\/\/gr.intertel.club\/nduvernois\/wp-json\/wp\/v2\/types\/page"}],"author":[{"embeddable":true,"href":"https:\/\/gr.intertel.club\/nduvernois\/wp-json\/wp\/v2\/users\/1"}],"replies":[{"embeddable":true,"href":"https:\/\/gr.intertel.club\/nduvernois\/wp-json\/wp\/v2\/comments?post=44"}],"version-history":[{"count":3,"href":"https:\/\/gr.intertel.club\/nduvernois\/wp-json\/wp\/v2\/pages\/44\/revisions"}],"predecessor-version":[{"id":120,"href":"https:\/\/gr.intertel.club\/nduvernois\/wp-json\/wp\/v2\/pages\/44\/revisions\/120"}],"wp:attachment":[{"href":"https:\/\/gr.intertel.club\/nduvernois\/wp-json\/wp\/v2\/media?parent=44"}],"curies":[{"name":"wp","href":"https:\/\/api.w.org\/{rel}","templated":true}]}}

Au commencement était la mesure

<p id="ember8256"></p>



<figure class="wp-block-image size-large"><img loading="lazy" decoding="async" width="1024" height="576" src="https://gr.intertel.club/nduvernois/wp-content/uploads/sites/2/2025/05/image-15-1024x576.png" alt="" class="wp-image-45" srcset="https://gr.intertel.club/nduvernois/wp-content/uploads/sites/2/2025/05/image-15-1024x576.png 1024w, https://gr.intertel.club/nduvernois/wp-content/uploads/sites/2/2025/05/image-15-300x169.png 300w, https://gr.intertel.club/nduvernois/wp-content/uploads/sites/2/2025/05/image-15-768x432.png 768w, https://gr.intertel.club/nduvernois/wp-content/uploads/sites/2/2025/05/image-15.png 1280w" sizes="auto, (max-width: 1024px) 100vw, 1024px" /></figure>



<p id="ember8257">Ce post initie une série qui va parler d’efficacité énergétique à la maison, et notamment de chauffage. L’idée générale est de transposer à la maison des recettes simples qui fonctionnent en milieu professionnel. À chacun de juger s’il veut tenter ces évolutions, sous sa propre responsabilité, et à condition évidemment d’en avoir le droit.</p>



<p id="ember8257">Ces posts pourront contenir des noms commerciaux, à titre d’illustration, pas de recommandation. Je n’ai aucun intérêt financier significatif avec les entreprises en question.</p>



<p id="ember8258">«&nbsp;Comment je fais pour améliorer ma consommation d’énergie&nbsp;»&nbsp;?</p>



<p id="ember8260">Il faut déjà savoir combien vous consommez, et donc mesurer la consommation en unité d’énergie, pas en euros. L’unité d’énergie la plus courante, sur votre facture d’électricité ou de gaz, c’est le kWh. Pour les autres énergies, raccrochez-vous à une unité physique accessible&nbsp;: litres de fioul, stères de bois, sacs de pellets, etc&#8230;</p>



<p id="ember8261">Maintenant que vous savez comment mesurer, il faut le faire très régulièrement, tous les mois pour commencer&nbsp;: chaque premier du mois à 00:00, à 08:00, peu importe, du moment que cela soit régulier. Pour le gaz et l’électricité, votre fournisseur d’énergie vous mâche le travail. Vous pouvez aussi créer votre compte Internet chez Enedis ou GRDF, et vous récupérerez ces informations quel que soit votre fournisseur. Pour les autres énergies, il va falloir relever la jauge de la cuve, mesurer la taille du tas de bois, etc.</p>



<p id="ember8262">«&nbsp;Oui, mais avec juste le compteur d’électricité Enedis, je mélange tout. Je vais y arriver&nbsp;?&nbsp;» Excellente question, la réponse est oui, les détails figureront dans un prochain post.</p>

<p>Ce post initie une série qui va parler d’efficacité énergétique à la maison, et notamment de chauffage. L’idée générale est de transposer à la maison des recettes simples qui fonctionnent en milieu professionnel. À chacun de juger s’il veut tenter ces évolutions, sous sa propre responsabilité, et à condition évidemment d’en avoir le droit. Ces [&hellip;]</p>

<!-- This site is optimized with the Yoast SEO plugin v25.8 - https://yoast.com/wordpress/plugins/seo/ -->
<title>Au commencement était la mesure - Nicolas Duvernois personal web site</title>
<meta name="robots" content="index, follow, max-snippet:-1, max-image-preview:large, max-video-preview:-1" />
<link rel="canonical" href="https://gr.intertel.club/nduvernois/economies-denergie-a-la-maison-au-commencement-etait-la-mesure/" />
<meta property="og:locale" content="fr_FR" />
<meta property="og:type" content="article" />
<meta property="og:title" content="Au commencement était la mesure - Nicolas Duvernois personal web site" />
<meta property="og:description" content="Ce post initie une série qui va parler d’efficacité énergétique à la maison, et notamment de chauffage. L’idée générale est de transposer à la maison des recettes simples qui fonctionnent en milieu professionnel. À chacun de juger s’il veut tenter ces évolutions, sous sa propre responsabilité, et à condition évidemment d’en avoir le droit. Ces [&hellip;]" />
<meta property="og:url" content="https://gr.intertel.club/nduvernois/economies-denergie-a-la-maison-au-commencement-etait-la-mesure/" />
<meta property="og:site_name" content="Nicolas Duvernois personal web site" />
<meta property="article:modified_time" content="2025-10-16T19:56:35+00:00" />
<meta property="og:image" content="https://gr.intertel.club/nduvernois/wp-content/uploads/sites/2/2025/05/image-15.png" />
	<meta property="og:image:width" content="1280" />
	<meta property="og:image:height" content="720" />
	<meta property="og:image:type" content="image/png" />
<meta name="twitter:card" content="summary_large_image" />
<meta name="twitter:label1" content="Durée de lecture estimée" />
	<meta name="twitter:data1" content="2 minutes" />
<script type="application/ld+json" class="yoast-schema-graph">{"@context":"https://schema.org","@graph":[{"@type":"WebPage","@id":"https://gr.intertel.club/nduvernois/economies-denergie-a-la-maison-au-commencement-etait-la-mesure/","url":"https://gr.intertel.club/nduvernois/economies-denergie-a-la-maison-au-commencement-etait-la-mesure/","name":"Au commencement était la mesure - Nicolas Duvernois personal web site","isPartOf":{"@id":"https://gr.intertel.club/nduvernois/#website"},"primaryImageOfPage":{"@id":"https://gr.intertel.club/nduvernois/economies-denergie-a-la-maison-au-commencement-etait-la-mesure/#primaryimage"},"image":{"@id":"https://gr.intertel.club/nduvernois/economies-denergie-a-la-maison-au-commencement-etait-la-mesure/#primaryimage"},"thumbnailUrl":"https://gr.intertel.club/nduvernois/wp-content/uploads/sites/2/2025/05/image-15-1024x576.png","datePublished":"2025-05-05T08:53:01+00:00","dateModified":"2025-10-16T19:56:35+00:00","breadcrumb":{"@id":"https://gr.intertel.club/nduvernois/economies-denergie-a-la-maison-au-commencement-etait-la-mesure/#breadcrumb"},"inLanguage":"fr-FR","potentialAction":[{"@type":"ReadAction","target":["https://gr.intertel.club/nduvernois/economies-denergie-a-la-maison-au-commencement-etait-la-mesure/"]}]},{"@type":"ImageObject","inLanguage":"fr-FR","@id":"https://gr.intertel.club/nduvernois/economies-denergie-a-la-maison-au-commencement-etait-la-mesure/#primaryimage","url":"https://gr.intertel.club/nduvernois/wp-content/uploads/sites/2/2025/05/image-15.png","contentUrl":"https://gr.intertel.club/nduvernois/wp-content/uploads/sites/2/2025/05/image-15.png","width":1280,"height":720},{"@type":"BreadcrumbList","@id":"https://gr.intertel.club/nduvernois/economies-denergie-a-la-maison-au-commencement-etait-la-mesure/#breadcrumb","itemListElement":[{"@type":"ListItem","position":1,"name":"Home","item":"https://gr.intertel.club/nduvernois/"},{"@type":"ListItem","position":2,"name":"Au commencement était la mesure"}]},{"@type":"WebSite","@id":"https://gr.intertel.club/nduvernois/#website","url":"https://gr.intertel.club/nduvernois/","name":"Nicolas Duvernois personal web site","description":"","potentialAction":[{"@type":"SearchAction","target":{"@type":"EntryPoint","urlTemplate":"https://gr.intertel.club/nduvernois/?s={search_term_string}"},"query-input":{"@type":"PropertyValueSpecification","valueRequired":true,"valueName":"search_term_string"}}],"inLanguage":"fr-FR"}]}</script>
<!-- / Yoast SEO plugin. -->

Au commencement était la mesure - Nicolas Duvernois personal web site

Ce post initie une série qui va parler d’efficacité énergétique à la maison, et notamment de chauffage. L’idée générale est de transposer à la maison des recettes simples qui fonctionnent en milieu professionnel. À chacun de juger s’il veut tenter ces évolutions, sous sa propre responsabilité, et à condition évidemment d’en avoir le droit. Ces [&hellip;]
