{"id":41,"date":"2025-05-05T08:51:51","date_gmt":"2025-05-05T08:51:51","guid":{"rendered":"https:\/\/gr.intertel.club\/nduvernois\/?page_id=41"},"modified":"2025-10-16T20:07:32","modified_gmt":"2025-10-16T20:07:32","slug":"economies-denergie-a-la-maison-un-peu-de-detail-ne-saurait-nuire","status":"publish","type":"page","link":"https:\/\/gr.intertel.club\/nduvernois\/economies-denergie-a-la-maison-un-peu-de-detail-ne-saurait-nuire\/","title":{"rendered":"Un peu de d\u00e9tail ne saurait nuire"},"content":{"rendered":"\n<figure class=\"wp-block-image size-large\"><img loading=\"lazy\" decoding=\"async\" width=\"1024\" height=\"576\" src=\"https:\/\/gr.intertel.club\/nduvernois\/wp-content\/uploads\/sites\/2\/2025\/05\/image-14-1024x576.png\" alt=\"\" class=\"wp-image-42\" srcset=\"https:\/\/gr.intertel.club\/nduvernois\/wp-content\/uploads\/sites\/2\/2025\/05\/image-14-1024x576.png 1024w, https:\/\/gr.intertel.club\/nduvernois\/wp-content\/uploads\/sites\/2\/2025\/05\/image-14-300x169.png 300w, https:\/\/gr.intertel.club\/nduvernois\/wp-content\/uploads\/sites\/2\/2025\/05\/image-14-768x432.png 768w, https:\/\/gr.intertel.club\/nduvernois\/wp-content\/uploads\/sites\/2\/2025\/05\/image-14.png 1280w\" sizes=\"auto, (max-width: 1024px) 100vw, 1024px\" \/><\/figure>\n\n\n\n<p id=\"ember53\">\u00ab&nbsp;Oui, mais ma maison est en tout \u00e9lectrique, comment je fais pour savoir combien je consomme pour le chauffage&nbsp;?&nbsp;\u00bb L\u00e0, il y a 2 solutions&nbsp;:<\/p>\n\n\n\n<ul class=\"wp-block-list\">\n<li>solution simple\u00a0: l\u2019impact saisonnier du chauffage est majeur. Donc la variation mois par mois de votre consommation totale va bien refl\u00e9ter l\u2019\u00e9volution du chauffage, m\u00eame si vous conna\u00eetrez pas la consommation du chauffage.<\/li>\n\n\n\n<li>solution \u00e9volu\u00e9e\u00a0: si vous n\u2019en avez pas, investissez dans un compteur d\u2019\u00e9nergie RT2012. Vous en trouverez chez tous les grands fournisseurs de mat\u00e9riel \u00e9lectrique et chez d\u2019autres, en version simple ou connect\u00e9e. Pour ne citer que des marques fran\u00e7aises grand public\u00a0: Legrand, Schneider Electric, Hager, Delta Dore, etc\u2026 Il faut \u00e9tudier soigneusement votre tableau \u00e9lectrique pour savoir comment installer le mat\u00e9riel, centrale de comptage et tores. Tant qu&rsquo;\u00e0 faire, d\u00e9taillez la consommation du chauffage, du chauffe-eau, de l&rsquo;\u00e9clairage, bref de vos diff\u00e9rents usages \u00e9nerg\u00e9tiques.<\/li>\n<\/ul>\n\n\n\n<p id=\"ember55\"><strong><em>ATTENTION<\/em><\/strong> : l\u2019\u00e9lectricit\u00e9, c\u2019est dangereux. Ne vous lancez surtout pas dans un montage de ce genre si vous n\u2019\u00eates pas form\u00e9 et capable de le faire, il faut vraiment passer par un professionnel.<\/p>\n\n\n\n<p id=\"ember56\">\u00ab&nbsp;Oui, mais chez moi, le gaz sert \u00e0 la fois au chauffage, \u00e0 l\u2019eau chaude et \u00e0 la cuisine.&nbsp;\u00bb En fait, c\u2019est la m\u00eame r\u00e9ponse qu\u2019avec l\u2019\u00e9lectricit\u00e9&nbsp;: si vous voulez mieux que la solution simple, il faudra rajouter du comptage de chaleur, et cela se trouve en option sur certains compteurs d\u2019\u00e9nergie RT2012. Si vous avez de bonnes raisons de penser que dans un d\u00e9lai de 2 ans minimum, il vous faudra changer de chaudi\u00e8re, je vous recommande vivement cet investissement (j\u2019y reviendrai plus tard). Et, l\u00e0 encore, <strong><em>ATTENTION<\/em><\/strong>, ne vous lancez pas dans ce genre de bricolage si vous n\u2019\u00eates pas form\u00e9 et capable de le faire.<\/p>\n\n\n\n<p id=\"ember57\">\u00ab&nbsp;C\u2019est vraiment rentable d\u2019acheter un compteur d\u2019\u00e9nergie RT2012&nbsp;?&nbsp;\u00bb Je ne vous le promets pas. Mais si vous souhaitez r\u00e9aliser un suivi pr\u00e9cis et d\u00e9tecter des \u00e9carts (dans le bon ou le mauvais sens), c\u2019est incontournable. Et pour pr\u00e9parer un changement de mat\u00e9riel de chauffage, je vous conseille de choisir un mat\u00e9riel capable d\u2019enregistrer des donn\u00e9es \u00e0 l\u2019\u00e9chelle horaire, voire moins. L\u2019enjeu est de choisir une chaudi\u00e8re ou pompe \u00e0 chaleur d\u2019une puissance r\u00e9ellement adapt\u00e9e \u00e0 votre besoin.<\/p>\n\n\n\n<p id=\"ember58\">\u00ab&nbsp;Et une fois que j\u2019ai ces relev\u00e9s de consommation, j\u2019en fais quoi&nbsp;?\u00bb Eh bien, notez les sur un cahier, ou votre tableur pr\u00e9f\u00e9r\u00e9, et pr\u00e9voyez tout de suite une autre colonne nomm\u00e9e DJU. Cela fera l\u2019objet du prochain post.<\/p>\n","protected":false},"excerpt":{"rendered":"<p>\u00ab&nbsp;Oui, mais ma maison est en tout \u00e9lectrique, comment je fais pour savoir combien je consomme pour le chauffage&nbsp;?&nbsp;\u00bb L\u00e0, il y a 2 solutions&nbsp;: ATTENTION : l\u2019\u00e9lectricit\u00e9, c\u2019est dangereux. Ne vous lancez surtout pas dans un montage de ce genre si vous n\u2019\u00eates pas form\u00e9 et capable de le faire, il faut vraiment passer [&hellip;]<\/p>\n","protected":false},"author":1,"featured_media":0,"parent":0,"menu_order":0,"comment_status":"closed","ping_status":"closed","template":"","meta":{"footnotes":""},"class_list":["post-41","page","type-page","status-publish","hentry"],"yoast_head":"<!-- This site is optimized with the Yoast SEO plugin v25.8 - https:\/\/yoast.com\/wordpress\/plugins\/seo\/ -->\n<title>Un peu de d\u00e9tail ne saurait nuire - Nicolas Duvernois personal web site<\/title>\n<meta name=\"robots\" content=\"index, follow, max-snippet:-1, max-image-preview:large, max-video-preview:-1\" \/>\n<link rel=\"canonical\" href=\"https:\/\/gr.intertel.club\/nduvernois\/economies-denergie-a-la-maison-un-peu-de-detail-ne-saurait-nuire\/\" \/>\n<meta property=\"og:locale\" content=\"fr_FR\" \/>\n<meta property=\"og:type\" content=\"article\" \/>\n<meta property=\"og:title\" content=\"Un peu de d\u00e9tail ne saurait nuire - Nicolas Duvernois personal web site\" \/>\n<meta property=\"og:description\" content=\"\u00ab&nbsp;Oui, mais ma maison est en tout \u00e9lectrique, comment je fais pour savoir combien je consomme pour le chauffage&nbsp;?&nbsp;\u00bb L\u00e0, il y a 2 solutions&nbsp;: ATTENTION : l\u2019\u00e9lectricit\u00e9, c\u2019est dangereux. Ne vous lancez surtout pas dans un montage de ce genre si vous n\u2019\u00eates pas form\u00e9 et capable de le faire, il faut vraiment passer [&hellip;]\" \/>\n<meta property=\"og:url\" content=\"https:\/\/gr.intertel.club\/nduvernois\/economies-denergie-a-la-maison-un-peu-de-detail-ne-saurait-nuire\/\" \/>\n<meta property=\"og:site_name\" content=\"Nicolas Duvernois personal web site\" \/>\n<meta property=\"article:modified_time\" content=\"2025-10-16T20:07:32+00:00\" \/>\n<meta property=\"og:image\" content=\"https:\/\/gr.intertel.club\/nduvernois\/wp-content\/uploads\/sites\/2\/2025\/05\/image-14.png\" \/>\n\t<meta property=\"og:image:width\" content=\"1280\" \/>\n\t<meta property=\"og:image:height\" content=\"720\" \/>\n\t<meta property=\"og:image:type\" content=\"image\/png\" \/>\n<meta name=\"twitter:card\" content=\"summary_large_image\" \/>\n<meta name=\"twitter:label1\" content=\"Dur\u00e9e de lecture estim\u00e9e\" \/>\n\t<meta name=\"twitter:data1\" content=\"3 minutes\" \/>\n<script type=\"application\/ld+json\" class=\"yoast-schema-graph\">{\"@context\":\"https:\/\/schema.org\",\"@graph\":[{\"@type\":\"WebPage\",\"@id\":\"https:\/\/gr.intertel.club\/nduvernois\/economies-denergie-a-la-maison-un-peu-de-detail-ne-saurait-nuire\/\",\"url\":\"https:\/\/gr.intertel.club\/nduvernois\/economies-denergie-a-la-maison-un-peu-de-detail-ne-saurait-nuire\/\",\"name\":\"Un peu de d\u00e9tail ne saurait nuire - Nicolas Duvernois personal web site\",\"isPartOf\":{\"@id\":\"https:\/\/gr.intertel.club\/nduvernois\/#website\"},\"primaryImageOfPage\":{\"@id\":\"https:\/\/gr.intertel.club\/nduvernois\/economies-denergie-a-la-maison-un-peu-de-detail-ne-saurait-nuire\/#primaryimage\"},\"image\":{\"@id\":\"https:\/\/gr.intertel.club\/nduvernois\/economies-denergie-a-la-maison-un-peu-de-detail-ne-saurait-nuire\/#primaryimage\"},\"thumbnailUrl\":\"https:\/\/gr.intertel.club\/nduvernois\/wp-content\/uploads\/sites\/2\/2025\/05\/image-14-1024x576.png\",\"datePublished\":\"2025-05-05T08:51:51+00:00\",\"dateModified\":\"2025-10-16T20:07:32+00:00\",\"breadcrumb\":{\"@id\":\"https:\/\/gr.intertel.club\/nduvernois\/economies-denergie-a-la-maison-un-peu-de-detail-ne-saurait-nuire\/#breadcrumb\"},\"inLanguage\":\"fr-FR\",\"potentialAction\":[{\"@type\":\"ReadAction\",\"target\":[\"https:\/\/gr.intertel.club\/nduvernois\/economies-denergie-a-la-maison-un-peu-de-detail-ne-saurait-nuire\/\"]}]},{\"@type\":\"ImageObject\",\"inLanguage\":\"fr-FR\",\"@id\":\"https:\/\/gr.intertel.club\/nduvernois\/economies-denergie-a-la-maison-un-peu-de-detail-ne-saurait-nuire\/#primaryimage\",\"url\":\"https:\/\/gr.intertel.club\/nduvernois\/wp-content\/uploads\/sites\/2\/2025\/05\/image-14.png\",\"contentUrl\":\"https:\/\/gr.intertel.club\/nduvernois\/wp-content\/uploads\/sites\/2\/2025\/05\/image-14.png\",\"width\":1280,\"height\":720},{\"@type\":\"BreadcrumbList\",\"@id\":\"https:\/\/gr.intertel.club\/nduvernois\/economies-denergie-a-la-maison-un-peu-de-detail-ne-saurait-nuire\/#breadcrumb\",\"itemListElement\":[{\"@type\":\"ListItem\",\"position\":1,\"name\":\"Home\",\"item\":\"https:\/\/gr.intertel.club\/nduvernois\/\"},{\"@type\":\"ListItem\",\"position\":2,\"name\":\"Un peu de d\u00e9tail ne saurait nuire\"}]},{\"@type\":\"WebSite\",\"@id\":\"https:\/\/gr.intertel.club\/nduvernois\/#website\",\"url\":\"https:\/\/gr.intertel.club\/nduvernois\/\",\"name\":\"Nicolas Duvernois personal web site\",\"description\":\"\",\"potentialAction\":[{\"@type\":\"SearchAction\",\"target\":{\"@type\":\"EntryPoint\",\"urlTemplate\":\"https:\/\/gr.intertel.club\/nduvernois\/?s={search_term_string}\"},\"query-input\":{\"@type\":\"PropertyValueSpecification\",\"valueRequired\":true,\"valueName\":\"search_term_string\"}}],\"inLanguage\":\"fr-FR\"}]}<\/script>\n<!-- \/ Yoast SEO plugin. -->","yoast_head_json":{"title":"Un peu de d\u00e9tail ne saurait nuire - Nicolas Duvernois personal web site","robots":{"index":"index","follow":"follow","max-snippet":"max-snippet:-1","max-image-preview":"max-image-preview:large","max-video-preview":"max-video-preview:-1"},"canonical":"https:\/\/gr.intertel.club\/nduvernois\/economies-denergie-a-la-maison-un-peu-de-detail-ne-saurait-nuire\/","og_locale":"fr_FR","og_type":"article","og_title":"Un peu de d\u00e9tail ne saurait nuire - Nicolas Duvernois personal web site","og_description":"\u00ab&nbsp;Oui, mais ma maison est en tout \u00e9lectrique, comment je fais pour savoir combien je consomme pour le chauffage&nbsp;?&nbsp;\u00bb L\u00e0, il y a 2 solutions&nbsp;: ATTENTION : l\u2019\u00e9lectricit\u00e9, c\u2019est dangereux. Ne vous lancez surtout pas dans un montage de ce genre si vous n\u2019\u00eates pas form\u00e9 et capable de le faire, il faut vraiment passer [&hellip;]","og_url":"https:\/\/gr.intertel.club\/nduvernois\/economies-denergie-a-la-maison-un-peu-de-detail-ne-saurait-nuire\/","og_site_name":"Nicolas Duvernois personal web site","article_modified_time":"2025-10-16T20:07:32+00:00","og_image":[{"width":1280,"height":720,"url":"https:\/\/gr.intertel.club\/nduvernois\/wp-content\/uploads\/sites\/2\/2025\/05\/image-14.png","type":"image\/png"}],"twitter_card":"summary_large_image","twitter_misc":{"Dur\u00e9e de lecture estim\u00e9e":"3 minutes"},"schema":{"@context":"https:\/\/schema.org","@graph":[{"@type":"WebPage","@id":"https:\/\/gr.intertel.club\/nduvernois\/economies-denergie-a-la-maison-un-peu-de-detail-ne-saurait-nuire\/","url":"https:\/\/gr.intertel.club\/nduvernois\/economies-denergie-a-la-maison-un-peu-de-detail-ne-saurait-nuire\/","name":"Un peu de d\u00e9tail ne saurait nuire - Nicolas Duvernois personal web site","isPartOf":{"@id":"https:\/\/gr.intertel.club\/nduvernois\/#website"},"primaryImageOfPage":{"@id":"https:\/\/gr.intertel.club\/nduvernois\/economies-denergie-a-la-maison-un-peu-de-detail-ne-saurait-nuire\/#primaryimage"},"image":{"@id":"https:\/\/gr.intertel.club\/nduvernois\/economies-denergie-a-la-maison-un-peu-de-detail-ne-saurait-nuire\/#primaryimage"},"thumbnailUrl":"https:\/\/gr.intertel.club\/nduvernois\/wp-content\/uploads\/sites\/2\/2025\/05\/image-14-1024x576.png","datePublished":"2025-05-05T08:51:51+00:00","dateModified":"2025-10-16T20:07:32+00:00","breadcrumb":{"@id":"https:\/\/gr.intertel.club\/nduvernois\/economies-denergie-a-la-maison-un-peu-de-detail-ne-saurait-nuire\/#breadcrumb"},"inLanguage":"fr-FR","potentialAction":[{"@type":"ReadAction","target":["https:\/\/gr.intertel.club\/nduvernois\/economies-denergie-a-la-maison-un-peu-de-detail-ne-saurait-nuire\/"]}]},{"@type":"ImageObject","inLanguage":"fr-FR","@id":"https:\/\/gr.intertel.club\/nduvernois\/economies-denergie-a-la-maison-un-peu-de-detail-ne-saurait-nuire\/#primaryimage","url":"https:\/\/gr.intertel.club\/nduvernois\/wp-content\/uploads\/sites\/2\/2025\/05\/image-14.png","contentUrl":"https:\/\/gr.intertel.club\/nduvernois\/wp-content\/uploads\/sites\/2\/2025\/05\/image-14.png","width":1280,"height":720},{"@type":"BreadcrumbList","@id":"https:\/\/gr.intertel.club\/nduvernois\/economies-denergie-a-la-maison-un-peu-de-detail-ne-saurait-nuire\/#breadcrumb","itemListElement":[{"@type":"ListItem","position":1,"name":"Home","item":"https:\/\/gr.intertel.club\/nduvernois\/"},{"@type":"ListItem","position":2,"name":"Un peu de d\u00e9tail ne saurait nuire"}]},{"@type":"WebSite","@id":"https:\/\/gr.intertel.club\/nduvernois\/#website","url":"https:\/\/gr.intertel.club\/nduvernois\/","name":"Nicolas Duvernois personal web site","description":"","potentialAction":[{"@type":"SearchAction","target":{"@type":"EntryPoint","urlTemplate":"https:\/\/gr.intertel.club\/nduvernois\/?s={search_term_string}"},"query-input":{"@type":"PropertyValueSpecification","valueRequired":true,"valueName":"search_term_string"}}],"inLanguage":"fr-FR"}]}},"_links":{"self":[{"href":"https:\/\/gr.intertel.club\/nduvernois\/wp-json\/wp\/v2\/pages\/41","targetHints":{"allow":["GET"]}}],"collection":[{"href":"https:\/\/gr.intertel.club\/nduvernois\/wp-json\/wp\/v2\/pages"}],"about":[{"href":"https:\/\/gr.intertel.club\/nduvernois\/wp-json\/wp\/v2\/types\/page"}],"author":[{"embeddable":true,"href":"https:\/\/gr.intertel.club\/nduvernois\/wp-json\/wp\/v2\/users\/1"}],"replies":[{"embeddable":true,"href":"https:\/\/gr.intertel.club\/nduvernois\/wp-json\/wp\/v2\/comments?post=41"}],"version-history":[{"count":2,"href":"https:\/\/gr.intertel.club\/nduvernois\/wp-json\/wp\/v2\/pages\/41\/revisions"}],"predecessor-version":[{"id":135,"href":"https:\/\/gr.intertel.club\/nduvernois\/wp-json\/wp\/v2\/pages\/41\/revisions\/135"}],"wp:attachment":[{"href":"https:\/\/gr.intertel.club\/nduvernois\/wp-json\/wp\/v2\/media?parent=41"}],"curies":[{"name":"wp","href":"https:\/\/api.w.org\/{rel}","templated":true}]}}