{"id":33,"date":"2025-05-05T08:46:39","date_gmt":"2025-05-05T08:46:39","guid":{"rendered":"https:\/\/gr.intertel.club\/nduvernois\/?page_id=33"},"modified":"2025-10-16T19:57:49","modified_gmt":"2025-10-16T19:57:49","slug":"economies-denergie-a-la-maison-et-maintenant-que-vais-je-faire","status":"publish","type":"page","link":"https:\/\/gr.intertel.club\/nduvernois\/economies-denergie-a-la-maison-et-maintenant-que-vais-je-faire\/","title":{"rendered":"Et maintenant que vais-je faire\u00a0?"},"content":{"rendered":"\n<p id=\"ember53\"><\/p>\n\n\n\n<figure class=\"wp-block-image size-large\"><img loading=\"lazy\" decoding=\"async\" width=\"1024\" height=\"576\" src=\"https:\/\/gr.intertel.club\/nduvernois\/wp-content\/uploads\/sites\/2\/2025\/05\/image-12-1024x576.png\" alt=\"\" class=\"wp-image-34\" srcset=\"https:\/\/gr.intertel.club\/nduvernois\/wp-content\/uploads\/sites\/2\/2025\/05\/image-12-1024x576.png 1024w, https:\/\/gr.intertel.club\/nduvernois\/wp-content\/uploads\/sites\/2\/2025\/05\/image-12-300x169.png 300w, https:\/\/gr.intertel.club\/nduvernois\/wp-content\/uploads\/sites\/2\/2025\/05\/image-12-768x432.png 768w, https:\/\/gr.intertel.club\/nduvernois\/wp-content\/uploads\/sites\/2\/2025\/05\/image-12.png 1280w\" sizes=\"auto, (max-width: 1024px) 100vw, 1024px\" \/><\/figure>\n\n\n\n<p id=\"ember54\">Si vous voulez r\u00e9duire drastiquement votre consommation de chauffage, vous ne passerez pas \u00e0 c\u00f4t\u00e9 d\u2019une r\u00e9flexion sur votre usage du chauffage et d\u2019une r\u00e9novation globale. Je ne m\u2019\u00e9tendrai pas sur ces sujets, d\u2019autres s\u2019en sont occup\u00e9s. Quelques noms vont suivre, je n\u2019ai aucun lien professionnel ni commercial avec ces personnes, j\u2019en parle \u00e0 titre de source de r\u00e9flexion.<\/p>\n\n\n\n<p id=\"ember54\">Pour ce qui est de l\u2019usage du chauffage, je vous renvoie par exemple sur LinkedIn et YT aux messages et vid\u00e9os de Papy Claude Lefran\u00e7ois et Pascal Lenormand. Regardez, lisez, r\u00e9fl\u00e9chissez par vous-m\u00eames et faites ce que bon vous semblera. Je dirais que s\u2019il y a une notion clef \u00e0 retenir, c\u2019est que le confort thermique est tr\u00e8s loin de se limiter \u00e0 la temp\u00e9rature ambiante et au chauffage.<\/p>\n\n\n\n<p id=\"ember55\">Pour la suite, je vais consid\u00e9rer que vous avez d\u00e9j\u00e0 song\u00e9 \u00e0 diverses choses comme adapter votre habillement, diminuer la consigne (= le meilleur retour sur investissement), \u2026<\/p>\n\n\n\n<p id=\"ember56\">Pour ce qui est de la r\u00e9novation globale, ce sera un budget assez \u00e9lev\u00e9, avec temps de retour sur investissement assez long. Cela n\u00e9cessitera de r\u00e9aliser une bonne \u00e9tude initiale, de coordonner plusieurs corps de m\u00e9tier, et de veiller scrupuleusement \u00e0 la qualit\u00e9 des travaux et des interfaces. Il me semble plus sage de passer par une entreprise sp\u00e9cialis\u00e9e (ou un ma\u00eetre d\u2019oeuvre ou un architecte, sp\u00e9cialis\u00e9 aussi) et dites-vous bien qu\u2019en d\u00e9finitive, si c\u2019est pas cher, c\u2019est probablement que cela ne vaut pas cher. Int\u00e9ressez-vous \u00e0 Laetitia Bataillie (qui parle de ces sujets sur LinkedIn) par exemple.<\/p>\n\n\n\n<p id=\"ember57\">Retravaillez aussi, c\u2019est peu connu, votre d\u00e9coration int\u00e9rieure, en vous inspirant de cette liste de mat\u00e9riaux. L\u2019effusivit\u00e9 caract\u00e9rise la dissipation de chaleur qui se produit lorsque vous posez la main sur une surface, et les mat\u00e9riaux marqu\u00e9s en vert sont plus int\u00e9ressants que ceux en rouge.<\/p>\n\n\n\n<p><a href=\"https:\/\/www.papyclaude.fr\/supports-papy-claude\/fiches\/tableau-comparatif-valeurs\">https:\/\/www.papyclaude.fr\/supports-papy-claude\/fiches\/tableau-comparatif-valeurs<\/a><\/p>\n\n\n\n<p id=\"ember59\">Soyons clairs&nbsp;: cela ne changera pas l\u2019isolation du logement mais cela peut am\u00e9liorer le confort ressenti, et donc vous aider \u00e0 baisser la consigne de chauffage. C\u2019est la m\u00eame logique que le tapis dans la salle de bains sur lequel vous pr\u00e9f\u00e9rez poser vos pieds nus, surtout en hiver.<\/p>\n\n\n\n<p id=\"ember60\">Ce dont je vais parler dans les prochains posts, c\u2019est d\u2019op\u00e9rations assez simples, g\u00e9n\u00e9ralement \u00e0 la port\u00e9e d\u2019un bricoleur raisonnablement exp\u00e9riment\u00e9. \u00c9videmment, cela ne permettra pas de diviser la consommation de chauffage par 10, mais l\u2019investissement financier fera moins peur qu\u2019une grosse r\u00e9novation.<\/p>\n\n\n\n<p id=\"ember62\">Pour finir, rendons \u00e0 Gilbert B\u00e9caud ce qui lui appartient : <a href=\"https:\/\/www.youtube.com\/watch?v=Pw3cp4EojjU&amp;list=RDPw3cp4EojjU&amp;start_radio=1\">https:\/\/www.youtube.com\/watch?v=Pw3cp4EojjU&amp;list=RDPw3cp4EojjU&amp;start_radio=1<\/a><\/p>\n","protected":false},"excerpt":{"rendered":"<p>Si vous voulez r\u00e9duire drastiquement votre consommation de chauffage, vous ne passerez pas \u00e0 c\u00f4t\u00e9 d\u2019une r\u00e9flexion sur votre usage du chauffage et d\u2019une r\u00e9novation globale. Je ne m\u2019\u00e9tendrai pas sur ces sujets, d\u2019autres s\u2019en sont occup\u00e9s. Quelques noms vont suivre, je n\u2019ai aucun lien professionnel ni commercial avec ces personnes, j\u2019en parle \u00e0 titre [&hellip;]<\/p>\n","protected":false},"author":1,"featured_media":0,"parent":0,"menu_order":0,"comment_status":"closed","ping_status":"closed","template":"","meta":{"footnotes":""},"class_list":["post-33","page","type-page","status-publish","hentry"],"yoast_head":"<!-- This site is optimized with the Yoast SEO plugin v25.8 - https:\/\/yoast.com\/wordpress\/plugins\/seo\/ -->\n<title>Et maintenant que vais-je faire\u00a0? - Nicolas Duvernois personal web site<\/title>\n<meta name=\"robots\" content=\"index, follow, max-snippet:-1, max-image-preview:large, max-video-preview:-1\" \/>\n<link rel=\"canonical\" href=\"https:\/\/gr.intertel.club\/nduvernois\/economies-denergie-a-la-maison-et-maintenant-que-vais-je-faire\/\" \/>\n<meta property=\"og:locale\" content=\"fr_FR\" \/>\n<meta property=\"og:type\" content=\"article\" \/>\n<meta property=\"og:title\" content=\"Et maintenant que vais-je faire\u00a0? - Nicolas Duvernois personal web site\" \/>\n<meta property=\"og:description\" content=\"Si vous voulez r\u00e9duire drastiquement votre consommation de chauffage, vous ne passerez pas \u00e0 c\u00f4t\u00e9 d\u2019une r\u00e9flexion sur votre usage du chauffage et d\u2019une r\u00e9novation globale. Je ne m\u2019\u00e9tendrai pas sur ces sujets, d\u2019autres s\u2019en sont occup\u00e9s. Quelques noms vont suivre, je n\u2019ai aucun lien professionnel ni commercial avec ces personnes, j\u2019en parle \u00e0 titre [&hellip;]\" \/>\n<meta property=\"og:url\" content=\"https:\/\/gr.intertel.club\/nduvernois\/economies-denergie-a-la-maison-et-maintenant-que-vais-je-faire\/\" \/>\n<meta property=\"og:site_name\" content=\"Nicolas Duvernois personal web site\" \/>\n<meta property=\"article:modified_time\" content=\"2025-10-16T19:57:49+00:00\" \/>\n<meta property=\"og:image\" content=\"https:\/\/gr.intertel.club\/nduvernois\/wp-content\/uploads\/sites\/2\/2025\/05\/image-12.png\" \/>\n\t<meta property=\"og:image:width\" content=\"1280\" \/>\n\t<meta property=\"og:image:height\" content=\"720\" \/>\n\t<meta property=\"og:image:type\" content=\"image\/png\" \/>\n<meta name=\"twitter:card\" content=\"summary_large_image\" \/>\n<meta name=\"twitter:label1\" content=\"Dur\u00e9e de lecture estim\u00e9e\" \/>\n\t<meta name=\"twitter:data1\" content=\"3 minutes\" \/>\n<script type=\"application\/ld+json\" class=\"yoast-schema-graph\">{\"@context\":\"https:\/\/schema.org\",\"@graph\":[{\"@type\":\"WebPage\",\"@id\":\"https:\/\/gr.intertel.club\/nduvernois\/economies-denergie-a-la-maison-et-maintenant-que-vais-je-faire\/\",\"url\":\"https:\/\/gr.intertel.club\/nduvernois\/economies-denergie-a-la-maison-et-maintenant-que-vais-je-faire\/\",\"name\":\"Et maintenant que vais-je faire\u00a0? - Nicolas Duvernois personal web site\",\"isPartOf\":{\"@id\":\"https:\/\/gr.intertel.club\/nduvernois\/#website\"},\"primaryImageOfPage\":{\"@id\":\"https:\/\/gr.intertel.club\/nduvernois\/economies-denergie-a-la-maison-et-maintenant-que-vais-je-faire\/#primaryimage\"},\"image\":{\"@id\":\"https:\/\/gr.intertel.club\/nduvernois\/economies-denergie-a-la-maison-et-maintenant-que-vais-je-faire\/#primaryimage\"},\"thumbnailUrl\":\"https:\/\/gr.intertel.club\/nduvernois\/wp-content\/uploads\/sites\/2\/2025\/05\/image-12-1024x576.png\",\"datePublished\":\"2025-05-05T08:46:39+00:00\",\"dateModified\":\"2025-10-16T19:57:49+00:00\",\"breadcrumb\":{\"@id\":\"https:\/\/gr.intertel.club\/nduvernois\/economies-denergie-a-la-maison-et-maintenant-que-vais-je-faire\/#breadcrumb\"},\"inLanguage\":\"fr-FR\",\"potentialAction\":[{\"@type\":\"ReadAction\",\"target\":[\"https:\/\/gr.intertel.club\/nduvernois\/economies-denergie-a-la-maison-et-maintenant-que-vais-je-faire\/\"]}]},{\"@type\":\"ImageObject\",\"inLanguage\":\"fr-FR\",\"@id\":\"https:\/\/gr.intertel.club\/nduvernois\/economies-denergie-a-la-maison-et-maintenant-que-vais-je-faire\/#primaryimage\",\"url\":\"https:\/\/gr.intertel.club\/nduvernois\/wp-content\/uploads\/sites\/2\/2025\/05\/image-12.png\",\"contentUrl\":\"https:\/\/gr.intertel.club\/nduvernois\/wp-content\/uploads\/sites\/2\/2025\/05\/image-12.png\",\"width\":1280,\"height\":720},{\"@type\":\"BreadcrumbList\",\"@id\":\"https:\/\/gr.intertel.club\/nduvernois\/economies-denergie-a-la-maison-et-maintenant-que-vais-je-faire\/#breadcrumb\",\"itemListElement\":[{\"@type\":\"ListItem\",\"position\":1,\"name\":\"Home\",\"item\":\"https:\/\/gr.intertel.club\/nduvernois\/\"},{\"@type\":\"ListItem\",\"position\":2,\"name\":\"Et maintenant que vais-je faire\u00a0?\"}]},{\"@type\":\"WebSite\",\"@id\":\"https:\/\/gr.intertel.club\/nduvernois\/#website\",\"url\":\"https:\/\/gr.intertel.club\/nduvernois\/\",\"name\":\"Nicolas Duvernois personal web site\",\"description\":\"\",\"potentialAction\":[{\"@type\":\"SearchAction\",\"target\":{\"@type\":\"EntryPoint\",\"urlTemplate\":\"https:\/\/gr.intertel.club\/nduvernois\/?s={search_term_string}\"},\"query-input\":{\"@type\":\"PropertyValueSpecification\",\"valueRequired\":true,\"valueName\":\"search_term_string\"}}],\"inLanguage\":\"fr-FR\"}]}<\/script>\n<!-- \/ Yoast SEO plugin. -->","yoast_head_json":{"title":"Et maintenant que vais-je faire\u00a0? - Nicolas Duvernois personal web site","robots":{"index":"index","follow":"follow","max-snippet":"max-snippet:-1","max-image-preview":"max-image-preview:large","max-video-preview":"max-video-preview:-1"},"canonical":"https:\/\/gr.intertel.club\/nduvernois\/economies-denergie-a-la-maison-et-maintenant-que-vais-je-faire\/","og_locale":"fr_FR","og_type":"article","og_title":"Et maintenant que vais-je faire\u00a0? - Nicolas Duvernois personal web site","og_description":"Si vous voulez r\u00e9duire drastiquement votre consommation de chauffage, vous ne passerez pas \u00e0 c\u00f4t\u00e9 d\u2019une r\u00e9flexion sur votre usage du chauffage et d\u2019une r\u00e9novation globale. Je ne m\u2019\u00e9tendrai pas sur ces sujets, d\u2019autres s\u2019en sont occup\u00e9s. Quelques noms vont suivre, je n\u2019ai aucun lien professionnel ni commercial avec ces personnes, j\u2019en parle \u00e0 titre [&hellip;]","og_url":"https:\/\/gr.intertel.club\/nduvernois\/economies-denergie-a-la-maison-et-maintenant-que-vais-je-faire\/","og_site_name":"Nicolas Duvernois personal web site","article_modified_time":"2025-10-16T19:57:49+00:00","og_image":[{"width":1280,"height":720,"url":"https:\/\/gr.intertel.club\/nduvernois\/wp-content\/uploads\/sites\/2\/2025\/05\/image-12.png","type":"image\/png"}],"twitter_card":"summary_large_image","twitter_misc":{"Dur\u00e9e de lecture estim\u00e9e":"3 minutes"},"schema":{"@context":"https:\/\/schema.org","@graph":[{"@type":"WebPage","@id":"https:\/\/gr.intertel.club\/nduvernois\/economies-denergie-a-la-maison-et-maintenant-que-vais-je-faire\/","url":"https:\/\/gr.intertel.club\/nduvernois\/economies-denergie-a-la-maison-et-maintenant-que-vais-je-faire\/","name":"Et maintenant que vais-je faire\u00a0? - Nicolas Duvernois personal web site","isPartOf":{"@id":"https:\/\/gr.intertel.club\/nduvernois\/#website"},"primaryImageOfPage":{"@id":"https:\/\/gr.intertel.club\/nduvernois\/economies-denergie-a-la-maison-et-maintenant-que-vais-je-faire\/#primaryimage"},"image":{"@id":"https:\/\/gr.intertel.club\/nduvernois\/economies-denergie-a-la-maison-et-maintenant-que-vais-je-faire\/#primaryimage"},"thumbnailUrl":"https:\/\/gr.intertel.club\/nduvernois\/wp-content\/uploads\/sites\/2\/2025\/05\/image-12-1024x576.png","datePublished":"2025-05-05T08:46:39+00:00","dateModified":"2025-10-16T19:57:49+00:00","breadcrumb":{"@id":"https:\/\/gr.intertel.club\/nduvernois\/economies-denergie-a-la-maison-et-maintenant-que-vais-je-faire\/#breadcrumb"},"inLanguage":"fr-FR","potentialAction":[{"@type":"ReadAction","target":["https:\/\/gr.intertel.club\/nduvernois\/economies-denergie-a-la-maison-et-maintenant-que-vais-je-faire\/"]}]},{"@type":"ImageObject","inLanguage":"fr-FR","@id":"https:\/\/gr.intertel.club\/nduvernois\/economies-denergie-a-la-maison-et-maintenant-que-vais-je-faire\/#primaryimage","url":"https:\/\/gr.intertel.club\/nduvernois\/wp-content\/uploads\/sites\/2\/2025\/05\/image-12.png","contentUrl":"https:\/\/gr.intertel.club\/nduvernois\/wp-content\/uploads\/sites\/2\/2025\/05\/image-12.png","width":1280,"height":720},{"@type":"BreadcrumbList","@id":"https:\/\/gr.intertel.club\/nduvernois\/economies-denergie-a-la-maison-et-maintenant-que-vais-je-faire\/#breadcrumb","itemListElement":[{"@type":"ListItem","position":1,"name":"Home","item":"https:\/\/gr.intertel.club\/nduvernois\/"},{"@type":"ListItem","position":2,"name":"Et maintenant que vais-je faire\u00a0?"}]},{"@type":"WebSite","@id":"https:\/\/gr.intertel.club\/nduvernois\/#website","url":"https:\/\/gr.intertel.club\/nduvernois\/","name":"Nicolas Duvernois personal web site","description":"","potentialAction":[{"@type":"SearchAction","target":{"@type":"EntryPoint","urlTemplate":"https:\/\/gr.intertel.club\/nduvernois\/?s={search_term_string}"},"query-input":{"@type":"PropertyValueSpecification","valueRequired":true,"valueName":"search_term_string"}}],"inLanguage":"fr-FR"}]}},"_links":{"self":[{"href":"https:\/\/gr.intertel.club\/nduvernois\/wp-json\/wp\/v2\/pages\/33","targetHints":{"allow":["GET"]}}],"collection":[{"href":"https:\/\/gr.intertel.club\/nduvernois\/wp-json\/wp\/v2\/pages"}],"about":[{"href":"https:\/\/gr.intertel.club\/nduvernois\/wp-json\/wp\/v2\/types\/page"}],"author":[{"embeddable":true,"href":"https:\/\/gr.intertel.club\/nduvernois\/wp-json\/wp\/v2\/users\/1"}],"replies":[{"embeddable":true,"href":"https:\/\/gr.intertel.club\/nduvernois\/wp-json\/wp\/v2\/comments?post=33"}],"version-history":[{"count":3,"href":"https:\/\/gr.intertel.club\/nduvernois\/wp-json\/wp\/v2\/pages\/33\/revisions"}],"predecessor-version":[{"id":123,"href":"https:\/\/gr.intertel.club\/nduvernois\/wp-json\/wp\/v2\/pages\/33\/revisions\/123"}],"wp:attachment":[{"href":"https:\/\/gr.intertel.club\/nduvernois\/wp-json\/wp\/v2\/media?parent=33"}],"curies":[{"name":"wp","href":"https:\/\/api.w.org\/{rel}","templated":true}]}}