{"id":160,"date":"2026-01-23T23:20:41","date_gmt":"2026-01-23T23:20:41","guid":{"rendered":"https:\/\/gr.intertel.club\/nduvernois\/?page_id=160"},"modified":"2026-01-23T23:20:41","modified_gmt":"2026-01-23T23:20:41","slug":"mefiez-vous-de-ce-reste-negligeable","status":"publish","type":"page","link":"https:\/\/gr.intertel.club\/nduvernois\/mefiez-vous-de-ce-reste-negligeable\/","title":{"rendered":"M\u00e9fiez-vous de ce reste n\u00e9gligeable&#8230;"},"content":{"rendered":"\n<figure class=\"wp-block-image size-large\"><img loading=\"lazy\" decoding=\"async\" width=\"1024\" height=\"683\" src=\"https:\/\/gr.intertel.club\/nduvernois\/wp-content\/uploads\/sites\/2\/2026\/01\/260110-Marie-Curie-et-cuisiniere-1024x683.png\" alt=\"\" class=\"wp-image-162\" srcset=\"https:\/\/gr.intertel.club\/nduvernois\/wp-content\/uploads\/sites\/2\/2026\/01\/260110-Marie-Curie-et-cuisiniere-1024x683.png 1024w, https:\/\/gr.intertel.club\/nduvernois\/wp-content\/uploads\/sites\/2\/2026\/01\/260110-Marie-Curie-et-cuisiniere-300x200.png 300w, https:\/\/gr.intertel.club\/nduvernois\/wp-content\/uploads\/sites\/2\/2026\/01\/260110-Marie-Curie-et-cuisiniere-768x512.png 768w, https:\/\/gr.intertel.club\/nduvernois\/wp-content\/uploads\/sites\/2\/2026\/01\/260110-Marie-Curie-et-cuisiniere.png 1536w\" sizes=\"auto, (max-width: 1024px) 100vw, 1024px\" \/><\/figure>\n\n\n\n<p id=\"ember53\">Avez-vous d\u00e9j\u00e0 vu ce d\u00e9licieux film nomm\u00e9 Les Palmes de Monsieur Schutz&nbsp;? Il est consacr\u00e9 \u00e0 la d\u00e9couverte du radium par Pierre &amp; Marie Curie. Vous y trouverez une sc\u00e8ne o\u00f9 Marie Curie explique \u00e0 sa cuisini\u00e8re ses pr\u00e9occupations&nbsp;: la pechblende est radioactive, elle se compose de diff\u00e9rents \u00e9l\u00e9ments importants et d\u2019impuret\u00e9s n\u00e9gligeables. Probl\u00e8me&nbsp;: les \u00e9l\u00e9ments importants ne sont pas radioactifs, et Marie Curie s\u2019arrache les cheveux. La cuisini\u00e8re lui demande alors si les impuret\u00e9s n\u2019auraient pas un r\u00f4le \u00e0 jouer, et c\u2019est effectivement parmi ces impuret\u00e9s que Pierre et Marie Curie identifieront le radium.<\/p>\n\n\n\n<p id=\"ember54\">Tr\u00e8s bien, mais quel rapport avec l\u2019\u00e9nergie&nbsp;? Lorsqu\u2019un TGBT est instrument\u00e9 en comptage \u00e9lectrique, il est rare que tous les d\u00e9parts soient \u00e9quip\u00e9s. Et si le g\u00e9n\u00e9ral est \u00e9galement mesur\u00e9, vous risquez fort d\u2019avoir quelques surprises. Par exemple, ces quelques d\u00e9parts non mesur\u00e9s pourraient repr\u00e9senter une part non n\u00e9gligeable du g\u00e9n\u00e9ral, ou bien, \u00e0 l\u2019inverse, \u00eatre associ\u00e9s \u00e0 une consommation n\u00e9gative. Autre cas possible, si tous les d\u00e9parts sont mesur\u00e9s, leur consommation pourrait bien d\u00e9passer celle du g\u00e9n\u00e9ral.<\/p>\n\n\n\n<p id=\"ember55\">Comment diable est-ce possible&nbsp;? Comme n\u2019importe quel pied \u00e0 coulisse, les compteurs \u00e9lectriques ont une pr\u00e9cision de mesure qui d\u00e9pend de leur pleine \u00e9chelle. Si les d\u00e9parts sont suffisamment peu charg\u00e9s, la tol\u00e9rance de mesure devient non n\u00e9gligeable par rapport \u00e0 la valeur \u00e0 mesurer. En additionnant des mesures, la tol\u00e9rance de mesure de l\u2019ensemble diminue en valeur relative, mais d\u00e8s que vous comparez au g\u00e9n\u00e9ral, vous r\u00e9alisez une soustraction, les tol\u00e9rances s\u2019additionnent et \u2026 votre comparaison devient tr\u00e8s hasardeuse.<\/p>\n\n\n\n<p id=\"ember56\">Accessoirement, une petite puissance (a priori n\u00e9gligeable) mais qui est pr\u00e9sente constamment cr\u00e9e une consommation dont l\u2019importance peut surprendre. Cela s\u2019appelle le talon, j\u2019aborderai ce sujet une autre fois.<\/p>\n\n\n\n<p id=\"ember57\">Conclusion de cette petite histoire&nbsp;: d\u00e9terminer un plan de comptage et le mat\u00e9riel associ\u00e9 est une affaire s\u00e9rieuse, qui rec\u00e8le quelques pi\u00e8ges.<\/p>\n\n\n\n<p><\/p>\n","protected":false},"excerpt":{"rendered":"<p>Avez-vous d\u00e9j\u00e0 vu ce d\u00e9licieux film nomm\u00e9 Les Palmes de Monsieur Schutz&nbsp;? Il est consacr\u00e9 \u00e0 la d\u00e9couverte du radium par Pierre &amp; Marie Curie. Vous y trouverez une sc\u00e8ne o\u00f9 Marie Curie explique \u00e0 sa cuisini\u00e8re ses pr\u00e9occupations&nbsp;: la pechblende est radioactive, elle se compose de diff\u00e9rents \u00e9l\u00e9ments importants et d\u2019impuret\u00e9s n\u00e9gligeables. Probl\u00e8me&nbsp;: les [&hellip;]<\/p>\n","protected":false},"author":2,"featured_media":0,"parent":0,"menu_order":0,"comment_status":"closed","ping_status":"closed","template":"","meta":{"footnotes":""},"class_list":["post-160","page","type-page","status-publish","hentry"],"yoast_head":"<!-- This site is optimized with the Yoast SEO plugin v25.8 - https:\/\/yoast.com\/wordpress\/plugins\/seo\/ -->\n<title>M\u00e9fiez-vous de ce reste n\u00e9gligeable... - Nicolas Duvernois personal web site<\/title>\n<meta name=\"robots\" content=\"index, follow, max-snippet:-1, max-image-preview:large, max-video-preview:-1\" \/>\n<link rel=\"canonical\" href=\"https:\/\/gr.intertel.club\/nduvernois\/mefiez-vous-de-ce-reste-negligeable\/\" \/>\n<meta property=\"og:locale\" content=\"fr_FR\" \/>\n<meta property=\"og:type\" content=\"article\" \/>\n<meta property=\"og:title\" content=\"M\u00e9fiez-vous de ce reste n\u00e9gligeable... - Nicolas Duvernois personal web site\" \/>\n<meta property=\"og:description\" content=\"Avez-vous d\u00e9j\u00e0 vu ce d\u00e9licieux film nomm\u00e9 Les Palmes de Monsieur Schutz&nbsp;? Il est consacr\u00e9 \u00e0 la d\u00e9couverte du radium par Pierre &amp; Marie Curie. Vous y trouverez une sc\u00e8ne o\u00f9 Marie Curie explique \u00e0 sa cuisini\u00e8re ses pr\u00e9occupations&nbsp;: la pechblende est radioactive, elle se compose de diff\u00e9rents \u00e9l\u00e9ments importants et d\u2019impuret\u00e9s n\u00e9gligeables. Probl\u00e8me&nbsp;: les [&hellip;]\" \/>\n<meta property=\"og:url\" content=\"https:\/\/gr.intertel.club\/nduvernois\/mefiez-vous-de-ce-reste-negligeable\/\" \/>\n<meta property=\"og:site_name\" content=\"Nicolas Duvernois personal web site\" \/>\n<meta property=\"og:image\" content=\"https:\/\/gr.intertel.club\/nduvernois\/wp-content\/uploads\/sites\/2\/2026\/01\/260110-Marie-Curie-et-cuisiniere-1024x683.png\" \/>\n\t<meta property=\"og:image:width\" content=\"1024\" \/>\n\t<meta property=\"og:image:height\" content=\"683\" \/>\n\t<meta property=\"og:image:type\" content=\"image\/png\" \/>\n<meta name=\"twitter:card\" content=\"summary_large_image\" \/>\n<meta name=\"twitter:label1\" content=\"Dur\u00e9e de lecture estim\u00e9e\" \/>\n\t<meta name=\"twitter:data1\" content=\"2 minutes\" \/>\n<script type=\"application\/ld+json\" class=\"yoast-schema-graph\">{\"@context\":\"https:\/\/schema.org\",\"@graph\":[{\"@type\":\"WebPage\",\"@id\":\"https:\/\/gr.intertel.club\/nduvernois\/mefiez-vous-de-ce-reste-negligeable\/\",\"url\":\"https:\/\/gr.intertel.club\/nduvernois\/mefiez-vous-de-ce-reste-negligeable\/\",\"name\":\"M\u00e9fiez-vous de ce reste n\u00e9gligeable... - Nicolas Duvernois personal web site\",\"isPartOf\":{\"@id\":\"https:\/\/gr.intertel.club\/nduvernois\/#website\"},\"primaryImageOfPage\":{\"@id\":\"https:\/\/gr.intertel.club\/nduvernois\/mefiez-vous-de-ce-reste-negligeable\/#primaryimage\"},\"image\":{\"@id\":\"https:\/\/gr.intertel.club\/nduvernois\/mefiez-vous-de-ce-reste-negligeable\/#primaryimage\"},\"thumbnailUrl\":\"https:\/\/gr.intertel.club\/nduvernois\/wp-content\/uploads\/sites\/2\/2026\/01\/260110-Marie-Curie-et-cuisiniere-1024x683.png\",\"datePublished\":\"2026-01-23T23:20:41+00:00\",\"breadcrumb\":{\"@id\":\"https:\/\/gr.intertel.club\/nduvernois\/mefiez-vous-de-ce-reste-negligeable\/#breadcrumb\"},\"inLanguage\":\"fr-FR\",\"potentialAction\":[{\"@type\":\"ReadAction\",\"target\":[\"https:\/\/gr.intertel.club\/nduvernois\/mefiez-vous-de-ce-reste-negligeable\/\"]}]},{\"@type\":\"ImageObject\",\"inLanguage\":\"fr-FR\",\"@id\":\"https:\/\/gr.intertel.club\/nduvernois\/mefiez-vous-de-ce-reste-negligeable\/#primaryimage\",\"url\":\"https:\/\/gr.intertel.club\/nduvernois\/wp-content\/uploads\/sites\/2\/2026\/01\/260110-Marie-Curie-et-cuisiniere.png\",\"contentUrl\":\"https:\/\/gr.intertel.club\/nduvernois\/wp-content\/uploads\/sites\/2\/2026\/01\/260110-Marie-Curie-et-cuisiniere.png\",\"width\":1536,\"height\":1024},{\"@type\":\"BreadcrumbList\",\"@id\":\"https:\/\/gr.intertel.club\/nduvernois\/mefiez-vous-de-ce-reste-negligeable\/#breadcrumb\",\"itemListElement\":[{\"@type\":\"ListItem\",\"position\":1,\"name\":\"Home\",\"item\":\"https:\/\/gr.intertel.club\/nduvernois\/\"},{\"@type\":\"ListItem\",\"position\":2,\"name\":\"M\u00e9fiez-vous de ce reste n\u00e9gligeable&#8230;\"}]},{\"@type\":\"WebSite\",\"@id\":\"https:\/\/gr.intertel.club\/nduvernois\/#website\",\"url\":\"https:\/\/gr.intertel.club\/nduvernois\/\",\"name\":\"Nicolas Duvernois personal web site\",\"description\":\"\",\"potentialAction\":[{\"@type\":\"SearchAction\",\"target\":{\"@type\":\"EntryPoint\",\"urlTemplate\":\"https:\/\/gr.intertel.club\/nduvernois\/?s={search_term_string}\"},\"query-input\":{\"@type\":\"PropertyValueSpecification\",\"valueRequired\":true,\"valueName\":\"search_term_string\"}}],\"inLanguage\":\"fr-FR\"}]}<\/script>\n<!-- \/ Yoast SEO plugin. -->","yoast_head_json":{"title":"M\u00e9fiez-vous de ce reste n\u00e9gligeable... - Nicolas Duvernois personal web site","robots":{"index":"index","follow":"follow","max-snippet":"max-snippet:-1","max-image-preview":"max-image-preview:large","max-video-preview":"max-video-preview:-1"},"canonical":"https:\/\/gr.intertel.club\/nduvernois\/mefiez-vous-de-ce-reste-negligeable\/","og_locale":"fr_FR","og_type":"article","og_title":"M\u00e9fiez-vous de ce reste n\u00e9gligeable... - Nicolas Duvernois personal web site","og_description":"Avez-vous d\u00e9j\u00e0 vu ce d\u00e9licieux film nomm\u00e9 Les Palmes de Monsieur Schutz&nbsp;? Il est consacr\u00e9 \u00e0 la d\u00e9couverte du radium par Pierre &amp; Marie Curie. Vous y trouverez une sc\u00e8ne o\u00f9 Marie Curie explique \u00e0 sa cuisini\u00e8re ses pr\u00e9occupations&nbsp;: la pechblende est radioactive, elle se compose de diff\u00e9rents \u00e9l\u00e9ments importants et d\u2019impuret\u00e9s n\u00e9gligeables. Probl\u00e8me&nbsp;: les [&hellip;]","og_url":"https:\/\/gr.intertel.club\/nduvernois\/mefiez-vous-de-ce-reste-negligeable\/","og_site_name":"Nicolas Duvernois personal web site","og_image":[{"width":1024,"height":683,"url":"https:\/\/gr.intertel.club\/nduvernois\/wp-content\/uploads\/sites\/2\/2026\/01\/260110-Marie-Curie-et-cuisiniere-1024x683.png","type":"image\/png"}],"twitter_card":"summary_large_image","twitter_misc":{"Dur\u00e9e de lecture estim\u00e9e":"2 minutes"},"schema":{"@context":"https:\/\/schema.org","@graph":[{"@type":"WebPage","@id":"https:\/\/gr.intertel.club\/nduvernois\/mefiez-vous-de-ce-reste-negligeable\/","url":"https:\/\/gr.intertel.club\/nduvernois\/mefiez-vous-de-ce-reste-negligeable\/","name":"M\u00e9fiez-vous de ce reste n\u00e9gligeable... - Nicolas Duvernois personal web site","isPartOf":{"@id":"https:\/\/gr.intertel.club\/nduvernois\/#website"},"primaryImageOfPage":{"@id":"https:\/\/gr.intertel.club\/nduvernois\/mefiez-vous-de-ce-reste-negligeable\/#primaryimage"},"image":{"@id":"https:\/\/gr.intertel.club\/nduvernois\/mefiez-vous-de-ce-reste-negligeable\/#primaryimage"},"thumbnailUrl":"https:\/\/gr.intertel.club\/nduvernois\/wp-content\/uploads\/sites\/2\/2026\/01\/260110-Marie-Curie-et-cuisiniere-1024x683.png","datePublished":"2026-01-23T23:20:41+00:00","breadcrumb":{"@id":"https:\/\/gr.intertel.club\/nduvernois\/mefiez-vous-de-ce-reste-negligeable\/#breadcrumb"},"inLanguage":"fr-FR","potentialAction":[{"@type":"ReadAction","target":["https:\/\/gr.intertel.club\/nduvernois\/mefiez-vous-de-ce-reste-negligeable\/"]}]},{"@type":"ImageObject","inLanguage":"fr-FR","@id":"https:\/\/gr.intertel.club\/nduvernois\/mefiez-vous-de-ce-reste-negligeable\/#primaryimage","url":"https:\/\/gr.intertel.club\/nduvernois\/wp-content\/uploads\/sites\/2\/2026\/01\/260110-Marie-Curie-et-cuisiniere.png","contentUrl":"https:\/\/gr.intertel.club\/nduvernois\/wp-content\/uploads\/sites\/2\/2026\/01\/260110-Marie-Curie-et-cuisiniere.png","width":1536,"height":1024},{"@type":"BreadcrumbList","@id":"https:\/\/gr.intertel.club\/nduvernois\/mefiez-vous-de-ce-reste-negligeable\/#breadcrumb","itemListElement":[{"@type":"ListItem","position":1,"name":"Home","item":"https:\/\/gr.intertel.club\/nduvernois\/"},{"@type":"ListItem","position":2,"name":"M\u00e9fiez-vous de ce reste n\u00e9gligeable&#8230;"}]},{"@type":"WebSite","@id":"https:\/\/gr.intertel.club\/nduvernois\/#website","url":"https:\/\/gr.intertel.club\/nduvernois\/","name":"Nicolas Duvernois personal web site","description":"","potentialAction":[{"@type":"SearchAction","target":{"@type":"EntryPoint","urlTemplate":"https:\/\/gr.intertel.club\/nduvernois\/?s={search_term_string}"},"query-input":{"@type":"PropertyValueSpecification","valueRequired":true,"valueName":"search_term_string"}}],"inLanguage":"fr-FR"}]}},"_links":{"self":[{"href":"https:\/\/gr.intertel.club\/nduvernois\/wp-json\/wp\/v2\/pages\/160","targetHints":{"allow":["GET"]}}],"collection":[{"href":"https:\/\/gr.intertel.club\/nduvernois\/wp-json\/wp\/v2\/pages"}],"about":[{"href":"https:\/\/gr.intertel.club\/nduvernois\/wp-json\/wp\/v2\/types\/page"}],"author":[{"embeddable":true,"href":"https:\/\/gr.intertel.club\/nduvernois\/wp-json\/wp\/v2\/users\/2"}],"replies":[{"embeddable":true,"href":"https:\/\/gr.intertel.club\/nduvernois\/wp-json\/wp\/v2\/comments?post=160"}],"version-history":[{"count":1,"href":"https:\/\/gr.intertel.club\/nduvernois\/wp-json\/wp\/v2\/pages\/160\/revisions"}],"predecessor-version":[{"id":164,"href":"https:\/\/gr.intertel.club\/nduvernois\/wp-json\/wp\/v2\/pages\/160\/revisions\/164"}],"wp:attachment":[{"href":"https:\/\/gr.intertel.club\/nduvernois\/wp-json\/wp\/v2\/media?parent=160"}],"curies":[{"name":"wp","href":"https:\/\/api.w.org\/{rel}","templated":true}]}}