{"id":142,"date":"2025-10-16T20:15:26","date_gmt":"2025-10-16T20:15:26","guid":{"rendered":"https:\/\/gr.intertel.club\/nduvernois\/?page_id=142"},"modified":"2025-10-16T20:15:26","modified_gmt":"2025-10-16T20:15:26","slug":"quelles-caracteristiques-pour-le-prochain-onduleur","status":"publish","type":"page","link":"https:\/\/gr.intertel.club\/nduvernois\/quelles-caracteristiques-pour-le-prochain-onduleur\/","title":{"rendered":"Quelles caract\u00e9ristiques pour le prochain onduleur\u00a0?"},"content":{"rendered":"\n<figure class=\"wp-block-image size-large\"><img loading=\"lazy\" decoding=\"async\" width=\"768\" height=\"1024\" src=\"https:\/\/gr.intertel.club\/nduvernois\/wp-content\/uploads\/sites\/2\/2025\/10\/onduleur-6KVA-switches-768x1024.jpg\" alt=\"\" class=\"wp-image-143\" srcset=\"https:\/\/gr.intertel.club\/nduvernois\/wp-content\/uploads\/sites\/2\/2025\/10\/onduleur-6KVA-switches-768x1024.jpg 768w, https:\/\/gr.intertel.club\/nduvernois\/wp-content\/uploads\/sites\/2\/2025\/10\/onduleur-6KVA-switches-225x300.jpg 225w, https:\/\/gr.intertel.club\/nduvernois\/wp-content\/uploads\/sites\/2\/2025\/10\/onduleur-6KVA-switches-1152x1536.jpg 1152w, https:\/\/gr.intertel.club\/nduvernois\/wp-content\/uploads\/sites\/2\/2025\/10\/onduleur-6KVA-switches-1536x2048.jpg 1536w, https:\/\/gr.intertel.club\/nduvernois\/wp-content\/uploads\/sites\/2\/2025\/10\/onduleur-6KVA-switches-scaled.jpg 1920w\" sizes=\"auto, (max-width: 768px) 100vw, 768px\" \/><\/figure>\n\n\n\n<p>En gamme professionnelle, les onduleurs peuvent \u00eatre dot\u00e9s d\u2019une carte de communication qui supporte tr\u00e8s souvent le protocole SNMP et parfois aussi Modbus. Les services informatiques aiment bien surveiller l\u2019\u00e9tat de sant\u00e9 des onduleurs, et les tables de communication sont assez riches. Par exemple, vous y trouverez la charge sur chaque phase de sortie.<\/p>\n\n\n\n<p>Dans un b\u00e2timent neuf, deux salles informatiques avaient \u00e9t\u00e9 dot\u00e9es d\u2019onduleurs de 40 KVA, \u00e9quip\u00e9s d\u2019une carte de communication. Le TGBT \u00e9tait bien \u00e9quip\u00e9 en comptage \u00e9lectrique, et notamment sur les 2 d\u00e9parts onduleurs. Apr\u00e8s avoir raccord\u00e9 les onduleurs et les comptages \u00e9lectriques \u00e0 la GTC (Gestion Technique Centralis\u00e9e), j\u2019ai \u00e9t\u00e9 surpris de constater que l\u2019un deux avait une charge de 0&nbsp;%. J\u2019ai d\u2019abord cru que le comptage de puissance \u00e9tait d\u00e9fectueux, mais la mesure c\u00f4t\u00e9 comptage \u00e9lectrique \u00e9tait coh\u00e9rente.<\/p>\n\n\n\n<p>Le fond de l\u2019histoire \u00e9tait qu\u2019en fait, apr\u00e8s diverses \u00e9volutions de conception, cette salle informatique, initialement pens\u00e9e pour des serveurs, n\u2019\u00e9tait plus \u00e9quip\u00e9e que d\u2019une pile de switchs. Personne n\u2019a song\u00e9 \u00e0 revoir le cahier des charges de l\u2019onduleur qui s\u2019est donc retrouv\u00e9 largement surdimensionn\u00e9. J\u2019ai pu, quelques temps plus tard, r\u00e9utiliser cet onduleur pour une autre salle informatique et le remplacer par un onduleur de 6 KVA r\u00e9cup\u00e9r\u00e9 ailleurs sur le site (encore surdimensionn\u00e9, un 2 KVA aurait suffi). La surprise a \u00e9t\u00e9 de mesurer une division par 2 de la consommation au niveau du TGBT, alors que la charge n\u2019avait pas chang\u00e9. Le gain s\u2019est donc fait sur la consommation propre de l\u2019onduleur.<\/p>\n\n\n\n<p>Au premier ordre, le co\u00fbt d\u2019un onduleur est proportionnel \u00e0 sa puissance, cela compte le jour o\u00f9 il faut le remplacer. Le gag annexe, c\u2019est qu\u2019un onduleur sous-charg\u00e9 vieillit plus vite, c\u2019est ennuyeux pour les co\u00fbts de maintenance et la fr\u00e9quence de renouvellement.<\/p>\n\n\n\n<p>Conclusion de cette petite histoire&nbsp;: faites le tour des donn\u00e9es d\u00e9j\u00e0 mesur\u00e9es, ou faciles \u00e0 mesurer, vous y trouverez des gisements d\u2019\u00e9conomies d\u2019\u00e9nergie, de maintenance et d\u2019investissement.<\/p>\n","protected":false},"excerpt":{"rendered":"<p>En gamme professionnelle, les onduleurs peuvent \u00eatre dot\u00e9s d\u2019une carte de communication qui supporte tr\u00e8s souvent le protocole SNMP et parfois aussi Modbus. Les services informatiques aiment bien surveiller l\u2019\u00e9tat de sant\u00e9 des onduleurs, et les tables de communication sont assez riches. Par exemple, vous y trouverez la charge sur chaque phase de sortie. Dans [&hellip;]<\/p>\n","protected":false},"author":2,"featured_media":0,"parent":0,"menu_order":0,"comment_status":"closed","ping_status":"closed","template":"","meta":{"footnotes":""},"class_list":["post-142","page","type-page","status-publish","hentry"],"yoast_head":"<!-- This site is optimized with the Yoast SEO plugin v25.8 - https:\/\/yoast.com\/wordpress\/plugins\/seo\/ -->\n<title>Quelles caract\u00e9ristiques pour le prochain onduleur\u00a0? - Nicolas Duvernois personal web site<\/title>\n<meta name=\"robots\" content=\"index, follow, max-snippet:-1, max-image-preview:large, max-video-preview:-1\" \/>\n<link rel=\"canonical\" href=\"https:\/\/gr.intertel.club\/nduvernois\/quelles-caracteristiques-pour-le-prochain-onduleur\/\" \/>\n<meta property=\"og:locale\" content=\"fr_FR\" \/>\n<meta property=\"og:type\" content=\"article\" \/>\n<meta property=\"og:title\" content=\"Quelles caract\u00e9ristiques pour le prochain onduleur\u00a0? - Nicolas Duvernois personal web site\" \/>\n<meta property=\"og:description\" content=\"En gamme professionnelle, les onduleurs peuvent \u00eatre dot\u00e9s d\u2019une carte de communication qui supporte tr\u00e8s souvent le protocole SNMP et parfois aussi Modbus. Les services informatiques aiment bien surveiller l\u2019\u00e9tat de sant\u00e9 des onduleurs, et les tables de communication sont assez riches. Par exemple, vous y trouverez la charge sur chaque phase de sortie. Dans [&hellip;]\" \/>\n<meta property=\"og:url\" content=\"https:\/\/gr.intertel.club\/nduvernois\/quelles-caracteristiques-pour-le-prochain-onduleur\/\" \/>\n<meta property=\"og:site_name\" content=\"Nicolas Duvernois personal web site\" \/>\n<meta property=\"og:image\" content=\"https:\/\/gr.intertel.club\/nduvernois\/wp-content\/uploads\/sites\/2\/2025\/10\/onduleur-6KVA-switches-scaled.jpg\" \/>\n\t<meta property=\"og:image:width\" content=\"1920\" \/>\n\t<meta property=\"og:image:height\" content=\"2560\" \/>\n\t<meta property=\"og:image:type\" content=\"image\/jpeg\" \/>\n<meta name=\"twitter:card\" content=\"summary_large_image\" \/>\n<meta name=\"twitter:label1\" content=\"Dur\u00e9e de lecture estim\u00e9e\" \/>\n\t<meta name=\"twitter:data1\" content=\"2 minutes\" \/>\n<script type=\"application\/ld+json\" class=\"yoast-schema-graph\">{\"@context\":\"https:\/\/schema.org\",\"@graph\":[{\"@type\":\"WebPage\",\"@id\":\"https:\/\/gr.intertel.club\/nduvernois\/quelles-caracteristiques-pour-le-prochain-onduleur\/\",\"url\":\"https:\/\/gr.intertel.club\/nduvernois\/quelles-caracteristiques-pour-le-prochain-onduleur\/\",\"name\":\"Quelles caract\u00e9ristiques pour le prochain onduleur\u00a0? - Nicolas Duvernois personal web site\",\"isPartOf\":{\"@id\":\"https:\/\/gr.intertel.club\/nduvernois\/#website\"},\"primaryImageOfPage\":{\"@id\":\"https:\/\/gr.intertel.club\/nduvernois\/quelles-caracteristiques-pour-le-prochain-onduleur\/#primaryimage\"},\"image\":{\"@id\":\"https:\/\/gr.intertel.club\/nduvernois\/quelles-caracteristiques-pour-le-prochain-onduleur\/#primaryimage\"},\"thumbnailUrl\":\"https:\/\/gr.intertel.club\/nduvernois\/wp-content\/uploads\/sites\/2\/2025\/10\/onduleur-6KVA-switches-768x1024.jpg\",\"datePublished\":\"2025-10-16T20:15:26+00:00\",\"breadcrumb\":{\"@id\":\"https:\/\/gr.intertel.club\/nduvernois\/quelles-caracteristiques-pour-le-prochain-onduleur\/#breadcrumb\"},\"inLanguage\":\"fr-FR\",\"potentialAction\":[{\"@type\":\"ReadAction\",\"target\":[\"https:\/\/gr.intertel.club\/nduvernois\/quelles-caracteristiques-pour-le-prochain-onduleur\/\"]}]},{\"@type\":\"ImageObject\",\"inLanguage\":\"fr-FR\",\"@id\":\"https:\/\/gr.intertel.club\/nduvernois\/quelles-caracteristiques-pour-le-prochain-onduleur\/#primaryimage\",\"url\":\"https:\/\/gr.intertel.club\/nduvernois\/wp-content\/uploads\/sites\/2\/2025\/10\/onduleur-6KVA-switches-scaled.jpg\",\"contentUrl\":\"https:\/\/gr.intertel.club\/nduvernois\/wp-content\/uploads\/sites\/2\/2025\/10\/onduleur-6KVA-switches-scaled.jpg\",\"width\":1920,\"height\":2560},{\"@type\":\"BreadcrumbList\",\"@id\":\"https:\/\/gr.intertel.club\/nduvernois\/quelles-caracteristiques-pour-le-prochain-onduleur\/#breadcrumb\",\"itemListElement\":[{\"@type\":\"ListItem\",\"position\":1,\"name\":\"Home\",\"item\":\"https:\/\/gr.intertel.club\/nduvernois\/\"},{\"@type\":\"ListItem\",\"position\":2,\"name\":\"Quelles caract\u00e9ristiques pour le prochain onduleur\u00a0?\"}]},{\"@type\":\"WebSite\",\"@id\":\"https:\/\/gr.intertel.club\/nduvernois\/#website\",\"url\":\"https:\/\/gr.intertel.club\/nduvernois\/\",\"name\":\"Nicolas Duvernois personal web site\",\"description\":\"\",\"potentialAction\":[{\"@type\":\"SearchAction\",\"target\":{\"@type\":\"EntryPoint\",\"urlTemplate\":\"https:\/\/gr.intertel.club\/nduvernois\/?s={search_term_string}\"},\"query-input\":{\"@type\":\"PropertyValueSpecification\",\"valueRequired\":true,\"valueName\":\"search_term_string\"}}],\"inLanguage\":\"fr-FR\"}]}<\/script>\n<!-- \/ Yoast SEO plugin. -->","yoast_head_json":{"title":"Quelles caract\u00e9ristiques pour le prochain onduleur\u00a0? - Nicolas Duvernois personal web site","robots":{"index":"index","follow":"follow","max-snippet":"max-snippet:-1","max-image-preview":"max-image-preview:large","max-video-preview":"max-video-preview:-1"},"canonical":"https:\/\/gr.intertel.club\/nduvernois\/quelles-caracteristiques-pour-le-prochain-onduleur\/","og_locale":"fr_FR","og_type":"article","og_title":"Quelles caract\u00e9ristiques pour le prochain onduleur\u00a0? - Nicolas Duvernois personal web site","og_description":"En gamme professionnelle, les onduleurs peuvent \u00eatre dot\u00e9s d\u2019une carte de communication qui supporte tr\u00e8s souvent le protocole SNMP et parfois aussi Modbus. Les services informatiques aiment bien surveiller l\u2019\u00e9tat de sant\u00e9 des onduleurs, et les tables de communication sont assez riches. Par exemple, vous y trouverez la charge sur chaque phase de sortie. Dans [&hellip;]","og_url":"https:\/\/gr.intertel.club\/nduvernois\/quelles-caracteristiques-pour-le-prochain-onduleur\/","og_site_name":"Nicolas Duvernois personal web site","og_image":[{"width":1920,"height":2560,"url":"https:\/\/gr.intertel.club\/nduvernois\/wp-content\/uploads\/sites\/2\/2025\/10\/onduleur-6KVA-switches-scaled.jpg","type":"image\/jpeg"}],"twitter_card":"summary_large_image","twitter_misc":{"Dur\u00e9e de lecture estim\u00e9e":"2 minutes"},"schema":{"@context":"https:\/\/schema.org","@graph":[{"@type":"WebPage","@id":"https:\/\/gr.intertel.club\/nduvernois\/quelles-caracteristiques-pour-le-prochain-onduleur\/","url":"https:\/\/gr.intertel.club\/nduvernois\/quelles-caracteristiques-pour-le-prochain-onduleur\/","name":"Quelles caract\u00e9ristiques pour le prochain onduleur\u00a0? - Nicolas Duvernois personal web site","isPartOf":{"@id":"https:\/\/gr.intertel.club\/nduvernois\/#website"},"primaryImageOfPage":{"@id":"https:\/\/gr.intertel.club\/nduvernois\/quelles-caracteristiques-pour-le-prochain-onduleur\/#primaryimage"},"image":{"@id":"https:\/\/gr.intertel.club\/nduvernois\/quelles-caracteristiques-pour-le-prochain-onduleur\/#primaryimage"},"thumbnailUrl":"https:\/\/gr.intertel.club\/nduvernois\/wp-content\/uploads\/sites\/2\/2025\/10\/onduleur-6KVA-switches-768x1024.jpg","datePublished":"2025-10-16T20:15:26+00:00","breadcrumb":{"@id":"https:\/\/gr.intertel.club\/nduvernois\/quelles-caracteristiques-pour-le-prochain-onduleur\/#breadcrumb"},"inLanguage":"fr-FR","potentialAction":[{"@type":"ReadAction","target":["https:\/\/gr.intertel.club\/nduvernois\/quelles-caracteristiques-pour-le-prochain-onduleur\/"]}]},{"@type":"ImageObject","inLanguage":"fr-FR","@id":"https:\/\/gr.intertel.club\/nduvernois\/quelles-caracteristiques-pour-le-prochain-onduleur\/#primaryimage","url":"https:\/\/gr.intertel.club\/nduvernois\/wp-content\/uploads\/sites\/2\/2025\/10\/onduleur-6KVA-switches-scaled.jpg","contentUrl":"https:\/\/gr.intertel.club\/nduvernois\/wp-content\/uploads\/sites\/2\/2025\/10\/onduleur-6KVA-switches-scaled.jpg","width":1920,"height":2560},{"@type":"BreadcrumbList","@id":"https:\/\/gr.intertel.club\/nduvernois\/quelles-caracteristiques-pour-le-prochain-onduleur\/#breadcrumb","itemListElement":[{"@type":"ListItem","position":1,"name":"Home","item":"https:\/\/gr.intertel.club\/nduvernois\/"},{"@type":"ListItem","position":2,"name":"Quelles caract\u00e9ristiques pour le prochain onduleur\u00a0?"}]},{"@type":"WebSite","@id":"https:\/\/gr.intertel.club\/nduvernois\/#website","url":"https:\/\/gr.intertel.club\/nduvernois\/","name":"Nicolas Duvernois personal web site","description":"","potentialAction":[{"@type":"SearchAction","target":{"@type":"EntryPoint","urlTemplate":"https:\/\/gr.intertel.club\/nduvernois\/?s={search_term_string}"},"query-input":{"@type":"PropertyValueSpecification","valueRequired":true,"valueName":"search_term_string"}}],"inLanguage":"fr-FR"}]}},"_links":{"self":[{"href":"https:\/\/gr.intertel.club\/nduvernois\/wp-json\/wp\/v2\/pages\/142","targetHints":{"allow":["GET"]}}],"collection":[{"href":"https:\/\/gr.intertel.club\/nduvernois\/wp-json\/wp\/v2\/pages"}],"about":[{"href":"https:\/\/gr.intertel.club\/nduvernois\/wp-json\/wp\/v2\/types\/page"}],"author":[{"embeddable":true,"href":"https:\/\/gr.intertel.club\/nduvernois\/wp-json\/wp\/v2\/users\/2"}],"replies":[{"embeddable":true,"href":"https:\/\/gr.intertel.club\/nduvernois\/wp-json\/wp\/v2\/comments?post=142"}],"version-history":[{"count":1,"href":"https:\/\/gr.intertel.club\/nduvernois\/wp-json\/wp\/v2\/pages\/142\/revisions"}],"predecessor-version":[{"id":144,"href":"https:\/\/gr.intertel.club\/nduvernois\/wp-json\/wp\/v2\/pages\/142\/revisions\/144"}],"wp:attachment":[{"href":"https:\/\/gr.intertel.club\/nduvernois\/wp-json\/wp\/v2\/media?parent=142"}],"curies":[{"name":"wp","href":"https:\/\/api.w.org\/{rel}","templated":true}]}}